{"id":986,"date":"2026-04-02T20:15:21","date_gmt":"2026-04-02T18:15:21","guid":{"rendered":"https:\/\/www.ifema.es\/siconmx\/?page_id=986"},"modified":"2026-04-03T06:49:35","modified_gmt":"2026-04-03T04:49:35","slug":"donde-hospedarte","status":"publish","type":"page","link":"https:\/\/www.ifema.es\/siconmx\/donde-hospedarte\/","title":{"rendered":"D\u00f3nde hospedarte"},"content":{"rendered":"<section class=\"l-section wpb_row us_custom_41596815 height_medium\"><div class=\"l-section-h i-cf\"><div class=\"g-cols via_grid cols_1 laptops-cols_inherit tablets-cols_inherit mobiles-cols_1 valign_top type_default\"><div class=\"wpb_column vc_column_container\"><div class=\"vc_column-inner\"><div class=\"w-html\"><section class=\"sicon-hoteles-section\">\n  <div class=\"sicon-hoteles-wrap\">\n\n    <div class=\"sicon-hoteles-head\">\n      <span class=\"sicon-hoteles-badge\">Hospedaje recomendado<\/span>\n      <h2>Opciones de hospedaje cercanas al recinto<\/h2>\n      <p>\n        Para hacer tu experiencia en la expo m\u00e1s c\u00f3moda y sin contratiempos, te compartimos algunas opciones\n        de hospedaje cercanas al recinto.\n      <\/p>\n    <\/div>\n\n    <!-- BARCELO -->\n    <div class=\"sicon-hotel-featured\">\n      <div class=\"sicon-hotel-featured-top\">\n        <h3>Convenio especial con Barcel\u00f3 Guadalajara<\/h3>\n        <p>\n          Contamos con un convenio especial con <strong>Barcel\u00f3 Guadalajara<\/strong>, ubicado justo frente a Expo Guadalajara,\n          lo que lo convierte en la alternativa m\u00e1s pr\u00e1ctica para tu estancia.\n        <\/p>\n      <\/div>\n\n      <div class=\"sicon-hotel-card featured-card\">\n\n        <span class=\"sicon-distance-badge\">a 0 m<\/span>\n<span class=\"sicon-badge-recomendado\">Hotel recomendado<\/span>\n\n        <div class=\"sicon-hotel-logo-col\">\n          <div class=\"sicon-hotel-logo-box\">\n            <img decoding=\"async\" src=\"https:\/\/www.ifema.es\/siconmx\/wp-content\/uploads\/2026\/04\/1.png\" alt=\"Barcel\u00f3 Guadalajara\">\n          <\/div>\n        <\/div>\n\n        <div class=\"sicon-hotel-info-col\">\n          <h4>Barcel\u00f3 Guadalajara<\/h4>\n\n          <div class=\"sicon-hotel-info-item\">\n            <span class=\"sicon-hotel-label\">Ubicaci\u00f3n<\/span>\n            <span>Av. de Las Rosas 2933, Rinconada del Bosque, 44530 Guadalajara, Jal.<\/span>\n          <\/div>\n\n          <div class=\"sicon-hotel-info-item\">\n            <span class=\"sicon-hotel-label\">Web<\/span>\n            <a href=\"https:\/\/www.barcelo.com\/es-mx\/barcelo-guadalajara\/?utm_source=google&utm_medium=organic&utm_campaign=my_business&utm_content=41190\" target=\"_blank\">\n              www.barcelo.com\/es-mx\/barcelo-guadalajara\n            <\/a>\n          <\/div>\n\n          <div class=\"sicon-hotel-info-item\">\n            <span class=\"sicon-hotel-label\">Tel\u00e9fono<\/span>\n            <a href=\"tel:+523336780505\">33 3678 0505<\/a>\n          <\/div>\n        <\/div>\n      <\/div>\n    <\/div>\n\n    <div class=\"sicon-hoteles-other-head\">\n      <h3>Adicionalmente, te sugerimos algunos otros hoteles a corta distancia:<\/h3>\n    <\/div>\n\n    <div class=\"sicon-hoteles-grid\">\n\n      <!-- WESTIN -->\n      <div class=\"sicon-hotel-card\">\n        <span class=\"sicon-distance-badge\">a 200 m<\/span>\n\n        <div class=\"sicon-hotel-logo-col\">\n          <div class=\"sicon-hotel-logo-box sicon-hotel-logo-placeholder\">\n            <img decoding=\"async\" src=\"https:\/\/www.ifema.es\/siconmx\/wp-content\/uploads\/2026\/04\/2.png\" alt=\"The Westin Guadalajara\">\n          <\/div>\n        <\/div>\n\n        <div class=\"sicon-hotel-info-col\">\n          <h4>The Westin Guadalajara<\/h4>\n          <div class=\"sicon-hotel-info-item\">\n            <span class=\"sicon-hotel-label\">Ubicaci\u00f3n<\/span>\n            <span>Av de Las Rosas 2911, Verde Valle, Guadalajara, Jal.<\/span>\n          <\/div>\n          <div class=\"sicon-hotel-info-item\">\n            <span class=\"sicon-hotel-label\">Web<\/span>\n            <a href=\"https:\/\/www.marriott.com\/en-us\/hotels\/gdlwi-the-westin-guadalajara\/overview\/\" target=\"_blank\">Ver sitio<\/a>\n          <\/div>\n          <div class=\"sicon-hotel-info-item\">\n            <span class=\"sicon-hotel-label\">Tel\u00e9fono<\/span>\n            <a href=\"tel:+523338802700\">+52 33 3880 2700<\/a>\n          <\/div>\n        <\/div>\n      <\/div>\n\n      <!-- GDL PLAZA -->\n      <div class=\"sicon-hotel-card\">\n        <span class=\"sicon-distance-badge\">300 m<\/span>\n\n        <div class=\"sicon-hotel-logo-col\">\n          <div class=\"sicon-hotel-logo-box sicon-hotel-logo-placeholder\">\n            <img decoding=\"async\" src=\"https:\/\/www.ifema.es\/siconmx\/wp-content\/uploads\/2026\/04\/3.png\" alt=\"Guadalajara Plaza Expo\">\n          <\/div>\n        <\/div>\n\n        <div class=\"sicon-hotel-info-col\">\n          <h4>Guadalajara Plaza Expo Business Class<\/h4>\n          <div class=\"sicon-hotel-info-item\">\n            <span class=\"sicon-hotel-label\">Ubicaci\u00f3n<\/span>\n            <span>Av. Mariano Otero 3261, Verde Valle, Guadalajara, Jal.<\/span>\n          <\/div>\n          <div class=\"sicon-hotel-info-item\">\n            <span class=\"sicon-hotel-label\">Web<\/span>\n            <a href=\"https:\/\/www.gdlplazaexpo.com\/\" target=\"_blank\">Ver sitio<\/a>\n          <\/div>\n          <div class=\"sicon-hotel-info-item\">\n            <span class=\"sicon-hotel-label\">Tel\u00e9fono<\/span>\n            <a href=\"tel:+523222262712\">+52 (322) 2262712<\/a>\n          <\/div>\n        <\/div>\n      <\/div>\n\n      <!-- HOLIDAY INN -->\n      <div class=\"sicon-hotel-card\">\n        <span class=\"sicon-distance-badge\">a 400 m<\/span>\n\n        <div class=\"sicon-hotel-logo-col\">\n          <div class=\"sicon-hotel-logo-box sicon-hotel-logo-placeholder\">\n            <img decoding=\"async\" src=\"https:\/\/www.ifema.es\/siconmx\/wp-content\/uploads\/2026\/04\/4.png\" alt=\"Holiday Inn Express Guadalajara Expo\">\n          <\/div>\n        <\/div>\n\n        <div class=\"sicon-hotel-info-col\">\n          <h4>Holiday Inn Express Guadalajara Expo<\/h4>\n          <div class=\"sicon-hotel-info-item\">\n            <span class=\"sicon-hotel-label\">Ubicaci\u00f3n<\/span>\n            <span>Mariano Otero 2397, Victoria, Guadalajara, Jal.<\/span>\n          <\/div>\n          <div class=\"sicon-hotel-info-item\">\n            <span class=\"sicon-hotel-label\">Web<\/span>\n            <a href=\"https:\/\/www.ihg.com\/holidayinnexpress\/hotels\/us\/en\/guadalajara\/gdlor\/hoteldetail\" target=\"_blank\">Ver sitio<\/a>\n          <\/div>\n          <div class=\"sicon-hotel-info-item\">\n            <span class=\"sicon-hotel-label\">Tel\u00e9fono<\/span>\n            <a href=\"tel:8000000404\">800 000 0404<\/a>\n          <\/div>\n        <\/div>\n      <\/div>\n\n      <!-- FIESTA INN -->\n      <div class=\"sicon-hotel-card\">\n        <span class=\"sicon-distance-badge\">a 500 m<\/span>\n\n        <div class=\"sicon-hotel-logo-col\">\n          <div class=\"sicon-hotel-logo-box sicon-hotel-logo-placeholder\">\n            <img decoding=\"async\" src=\"https:\/\/www.ifema.es\/siconmx\/wp-content\/uploads\/2026\/04\/5.png\" alt=\"Fiesta Inn Guadalajara Expo\">\n          <\/div>\n        <\/div>\n\n        <div class=\"sicon-hotel-info-col\">\n          <h4>Fiesta Inn Guadalajara Expo<\/h4>\n          <div class=\"sicon-hotel-info-item\">\n            <span class=\"sicon-hotel-label\">Ubicaci\u00f3n<\/span>\n            <span>Av. Mariano Otero 1550, Rinconada del Sol, Guadalajara, Jal.<\/span>\n          <\/div>\n          <div class=\"sicon-hotel-info-item\">\n            <span class=\"sicon-hotel-label\">Web<\/span>\n            <a href=\"https:\/\/www.fiestamericanatravelty.com\/fiesta-inn\/hoteles\/fiesta-inn-guadalajara-expo\" target=\"_blank\">Ver sitio<\/a>\n          <\/div>\n          <div class=\"sicon-hotel-info-item\">\n            <span class=\"sicon-hotel-label\">Tel\u00e9fono<\/span>\n            <a href=\"tel:+524433108137\">+52 443 310 8137<\/a>\n          <\/div>\n        <\/div>\n      <\/div>\n\n    <\/div>\n\n    <div class=\"sicon-hoteles-note\">\n      <p>\n        Son opciones cercanas que pueden facilitar tu traslado y log\u00edstica durante el evento.\n      <\/p>\n    <\/div>\n\n    <div class=\"sicon-hoteles-footer\">\n      <p>\n        Te esperamos en la Semana de la Construcci\u00f3n, ser\u00e1 un gusto recibirte y acompa\u00f1arte en esta gran experiencia.\n      <\/p>\n    <\/div>\n\n  <\/div>\n<\/section><\/div><\/div><\/div><\/div><\/div><\/section><section class=\"l-section wpb_row us_custom_60e9caca desplegables sicon-faq-redondeado us_animate_this height_medium\"><div class=\"l-section-h i-cf\"><div class=\"g-cols via_grid cols_1 laptops-cols_inherit tablets-cols_inherit mobiles-cols_1 valign_top type_default\"><div class=\"wpb_column vc_column_container\"><div class=\"vc_column-inner\"><div class=\"wpb_text_column\"><div class=\"wpb_wrapper\"><h2>Preguntas frecuentes<\/h2>\n<\/div><\/div><div class=\"w-tabs style_default switch_click accordion has_scrolling\" style=\"--sections-title-size:inherit\"><div class=\"w-tabs-sections titles-align_none icon_chevron cpos_right\"><div class=\"w-tabs-section\" id=\"t504\"><button aria-controls=\"content-t504\" class=\"w-tabs-section-header\"><div class=\"w-tabs-section-title\"><strong>\u00bfCu\u00e1l es el horario de SICON M\u00e9xico?<\/strong><\/div><div class=\"w-tabs-section-control\"><\/div><\/button><div class=\"w-tabs-section-content us_custom_a5c88937\" id=\"content-t504\" aria-expanded=\"false\"><div class=\"w-tabs-section-content-h i-cf\"><div class=\"g-cols wpb_row via_grid cols_1 laptops-cols_inherit tablets-cols_inherit mobiles-cols_1 valign_top type_default\"><div class=\"wpb_column vc_column_container\"><div class=\"vc_column-inner\"><div class=\"wpb_text_column\"><div class=\"wpb_wrapper\"><p>Horarios y actividades: 10:00 \u2013 18:00 hrs. (actividades pr\u00f3ximamente)<\/p>\n<\/div><\/div><\/div><\/div><\/div><\/div><\/div><\/div><div class=\"w-tabs-section\" id=\"iadb\"><button aria-controls=\"content-iadb\" class=\"w-tabs-section-header\"><div class=\"w-tabs-section-title\"><strong>\u00bfC\u00f3mo llegar a SICON M\u00e9xico?<\/strong><\/div><div class=\"w-tabs-section-control\"><\/div><\/button><div class=\"w-tabs-section-content\" id=\"content-iadb\" aria-expanded=\"false\"><div class=\"w-tabs-section-content-h i-cf\"><div class=\"g-cols wpb_row via_grid cols_1 laptops-cols_inherit tablets-cols_inherit mobiles-cols_1 valign_top type_default\"><div class=\"wpb_column vc_column_container\"><div class=\"vc_column-inner\"><div class=\"wpb_text_column\"><div class=\"wpb_wrapper\"><p>Expo Guadalajara cuenta con tres estaciones de transporte p\u00fablico estrat\u00e9gicamente ubicadas en nuestra plazoleta y otras dos sobre Av. Mariano Otero.<\/p>\n<p>Adem\u00e1s, una de estas estaciones es una Zona Pulso de Vida, que brinda atenci\u00f3n a las ciudadanas las 24 horas, los 365 d\u00edas del a\u00f1o.<\/p>\n<p>Las l\u00edneas de transporte p\u00fablico que llevan a Expo Guadalajara son:<\/p>\n<ul class=\"points-home\">\n<li>T04-B<\/li>\n<li>T04-B-1<\/li>\n<li>T04-B-2<\/li>\n<li>T04-B-3<\/li>\n<li>T10<\/li>\n<li>T10-C01<\/li>\n<li>T10-C02<\/li>\n<li>T11-B<\/li>\n<li>C49-ARBOLEDAS<\/li>\n<li>C128-AV2<\/li>\n<li>C130<\/li>\n<li>LM-VI<\/li>\n<\/ul>\n<p>Llega a Expo Guadalajara de manera sostenible:<\/p>\n<ul>\n<li>En nuestra plazoleta, encontrar\u00e1s una de las 360 estaciones de MiBici, el sistema de bicicletas p\u00fablicas y transporte individual que opera los 365 d\u00edas del a\u00f1o.<\/li>\n<li>MiBici le permite moverse por la ciudad de forma pr\u00e1ctica y ecol\u00f3gica, con opciones de suscripci\u00f3n anual o temporal por 1, 3 o 7 d\u00edas.<\/li>\n<li>Nuestra estaci\u00f3n, (GDL-157), cuenta con 15 puertos de anclaje para bicicletas urbanas, ofreci\u00e9ndole una alternativa sustentable para llegar a Expo Guadalajara o desplazarse por toda el \u00e1rea metropolitana.<\/li>\n<\/ul>\n<\/div><\/div><\/div><\/div><\/div><\/div><\/div><\/div><div class=\"w-tabs-section\" id=\"df6a\"><button aria-controls=\"content-df6a\" class=\"w-tabs-section-header\"><div class=\"w-tabs-section-title\"><strong>\u00bfQu\u00e9 servicios y facilidades ofrece la feria de SICON M\u00e9xico para los asistentes?<\/strong><\/div><div class=\"w-tabs-section-control\"><\/div><\/button><div class=\"w-tabs-section-content\" id=\"content-df6a\" aria-expanded=\"false\"><div class=\"w-tabs-section-content-h i-cf\"><div class=\"g-cols wpb_row via_grid cols_1 laptops-cols_inherit tablets-cols_inherit mobiles-cols_1 valign_top type_default\"><div class=\"wpb_column vc_column_container\"><div class=\"vc_column-inner\"><div class=\"wpb_text_column\"><div class=\"wpb_wrapper\"><p>Expo Guadalajara cuenta con:<\/p>\n<ul>\n<li>WiFi gratuito.<\/li>\n<li>C\u00e1maras de seguridad 360\u00b0.<\/li>\n<li>Bot\u00f3n de emergencia conectado al C5.<\/li>\n<li>Espacio accesible para personas con discapacidad.<\/li>\n<li>Tomacorrientes y puertos USB para recargar tus dispositivos.<\/li>\n<\/ul>\n<\/div><\/div><\/div><\/div><\/div><\/div><\/div><\/div><div class=\"w-tabs-section\" id=\"i8bb\"><button aria-controls=\"content-i8bb\" class=\"w-tabs-section-header\"><div class=\"w-tabs-section-title\"><strong>\u00bfQu\u00e9 opciones hay para hospedaje, vuelos y comida en SICON M\u00e9xico?<\/strong><\/div><div class=\"w-tabs-section-control\"><\/div><\/button><div class=\"w-tabs-section-content\" id=\"content-i8bb\" aria-expanded=\"false\"><div class=\"w-tabs-section-content-h i-cf\"><div class=\"g-cols wpb_row via_grid cols_3 laptops-cols_inherit tablets-cols_inherit mobiles-cols_1 valign_top type_default\"><div class=\"wpb_column vc_column_container\"><div class=\"vc_column-inner\"><div class=\"wpb_text_column\"><div class=\"wpb_wrapper\"><p><strong>Hoteles:<\/strong><\/p>\n<ul>\n<li>RIU Guadalajara<\/li>\n<li>Hotel Sheraton Guadalajara<\/li>\n<li>Hotel Westin Guadalajara<\/li>\n<li>Real Inn<\/li>\n<li>Barcel\u00f3<\/li>\n<li>Hampton Inn Expo<\/li>\n<\/ul>\n<\/div><\/div><\/div><\/div><div class=\"wpb_column vc_column_container\"><div class=\"vc_column-inner\"><div class=\"wpb_text_column icon-expora\"><div class=\"wpb_wrapper\"><p><strong>Descuentos a\u00e9reos (pendiente):<\/strong><\/p>\n<ul>\n<li>Aerom\u00e9xico<\/li>\n<\/ul>\n<\/div><\/div><\/div><\/div><div class=\"wpb_column vc_column_container\"><div class=\"vc_column-inner\"><div class=\"wpb_text_column\"><div class=\"wpb_wrapper\"><p><strong>D\u00f3nde comer:<\/strong><\/p>\n<ul>\n<li>Distrito 3 (ubicado en vest\u00edbulo 3)<\/li>\n<li>Zona de alimentos<\/li>\n<\/ul>\n<\/div><\/div><\/div><\/div><\/div><\/div><\/div><\/div><\/div><\/div><\/div><\/div><\/div><\/div><\/section>\n","protected":false},"excerpt":{"rendered":"Hospedaje recomendado Opciones de hospedaje cercanas al recinto Para hacer tu experiencia en la expo m\u00e1s c\u00f3moda y sin contratiempos, te compartimos algunas opciones de hospedaje cercanas al recinto. Convenio especial con Barcel\u00f3 Guadalajara Contamos con un convenio especial con Barcel\u00f3 Guadalajara, ubicado justo frente a Expo Guadalajara, lo que lo convierte en la alternativa...","protected":false},"author":3,"featured_media":0,"parent":0,"menu_order":0,"comment_status":"closed","ping_status":"closed","template":"","meta":{"inline_featured_image":false,"footnotes":""},"class_list":["post-986","page","type-page","status-publish","hentry"],"yoast_head":"<!-- This site is optimized with the Yoast SEO plugin v26.6 - https:\/\/yoast.com\/wordpress\/plugins\/seo\/ -->\n<title>D\u00f3nde hospedarte - SICON M\u00e9xico 2026 | IFEMA MADRID<\/title>\n<meta name=\"robots\" content=\"index, follow, max-snippet:-1, max-image-preview:large, max-video-preview:-1\" \/>\n<link rel=\"canonical\" href=\"https:\/\/www.ifema.es\/siconmx\/donde-hospedarte\/\" \/>\n<meta property=\"og:locale\" content=\"es_ES\" \/>\n<meta property=\"og:type\" content=\"article\" \/>\n<meta property=\"og:title\" content=\"D\u00f3nde hospedarte - SICON M\u00e9xico 2026 | IFEMA MADRID\" \/>\n<meta property=\"og:url\" content=\"https:\/\/www.ifema.es\/siconmx\/donde-hospedarte\/\" \/>\n<meta property=\"og:site_name\" content=\"SICON M\u00e9xico 2026 | IFEMA MADRID\" \/>\n<meta property=\"article:modified_time\" content=\"2026-04-03T04:49:35+00:00\" \/>\n<meta name=\"twitter:card\" content=\"summary_large_image\" \/>\n<meta name=\"twitter:label1\" content=\"Tiempo de lectura\" \/>\n\t<meta name=\"twitter:data1\" content=\"2 minutos\" \/>\n<script type=\"application\/ld+json\" class=\"yoast-schema-graph\">{\"@context\":\"https:\/\/schema.org\",\"@graph\":[{\"@type\":\"WebPage\",\"@id\":\"https:\/\/www.ifema.es\/siconmx\/donde-hospedarte\/\",\"url\":\"https:\/\/www.ifema.es\/siconmx\/donde-hospedarte\/\",\"name\":\"D\u00f3nde hospedarte - SICON M\u00e9xico 2026 | IFEMA MADRID\",\"isPartOf\":{\"@id\":\"https:\/\/www.ifema.es\/siconmx\/#website\"},\"datePublished\":\"2026-04-02T18:15:21+00:00\",\"dateModified\":\"2026-04-03T04:49:35+00:00\",\"breadcrumb\":{\"@id\":\"https:\/\/www.ifema.es\/siconmx\/donde-hospedarte\/#breadcrumb\"},\"inLanguage\":\"es\",\"potentialAction\":[{\"@type\":\"ReadAction\",\"target\":[\"https:\/\/www.ifema.es\/siconmx\/donde-hospedarte\/\"]}]},{\"@type\":\"BreadcrumbList\",\"@id\":\"https:\/\/www.ifema.es\/siconmx\/donde-hospedarte\/#breadcrumb\",\"itemListElement\":[{\"@type\":\"ListItem\",\"position\":1,\"name\":\"Portada\",\"item\":\"https:\/\/www.ifema.es\/siconmx\/\"},{\"@type\":\"ListItem\",\"position\":2,\"name\":\"D\u00f3nde hospedarte\"}]},{\"@type\":\"WebSite\",\"@id\":\"https:\/\/www.ifema.es\/siconmx\/#website\",\"url\":\"https:\/\/www.ifema.es\/siconmx\/\",\"name\":\"SICON M\u00e9xico\",\"description\":\"Asiste a SICON M\u00e9xico 2026, del 14 al 16 de abril, el evento l\u00edder del sector de la construcci\u00f3n que se llevar\u00e1 a cabo en Guadalajara\",\"publisher\":{\"@id\":\"https:\/\/www.ifema.es\/siconmx\/#organization\"},\"potentialAction\":[{\"@type\":\"SearchAction\",\"target\":{\"@type\":\"EntryPoint\",\"urlTemplate\":\"https:\/\/www.ifema.es\/siconmx\/?s={search_term_string}\"},\"query-input\":{\"@type\":\"PropertyValueSpecification\",\"valueRequired\":true,\"valueName\":\"search_term_string\"}}],\"inLanguage\":\"es\"},{\"@type\":\"Organization\",\"@id\":\"https:\/\/www.ifema.es\/siconmx\/#organization\",\"name\":\"SICON M\u00e9xico\",\"url\":\"https:\/\/www.ifema.es\/siconmx\/\",\"logo\":{\"@type\":\"ImageObject\",\"inLanguage\":\"es\",\"@id\":\"https:\/\/www.ifema.es\/siconmx\/#\/schema\/logo\/image\/\",\"url\":\"https:\/\/www.ifema.es\/siconmx\/wp-content\/uploads\/2025\/08\/siconmx-completo.png\",\"contentUrl\":\"https:\/\/www.ifema.es\/siconmx\/wp-content\/uploads\/2025\/08\/siconmx-completo.png\",\"width\":512,\"height\":160,\"caption\":\"SICON M\u00e9xico\"},\"image\":{\"@id\":\"https:\/\/www.ifema.es\/siconmx\/#\/schema\/logo\/image\/\"}}]}<\/script>\n<!-- \/ Yoast SEO plugin. -->","yoast_head_json":{"title":"D\u00f3nde hospedarte - SICON M\u00e9xico 2026 | IFEMA MADRID","robots":{"index":"index","follow":"follow","max-snippet":"max-snippet:-1","max-image-preview":"max-image-preview:large","max-video-preview":"max-video-preview:-1"},"canonical":"https:\/\/www.ifema.es\/siconmx\/donde-hospedarte\/","og_locale":"es_ES","og_type":"article","og_title":"D\u00f3nde hospedarte - SICON M\u00e9xico 2026 | IFEMA MADRID","og_url":"https:\/\/www.ifema.es\/siconmx\/donde-hospedarte\/","og_site_name":"SICON M\u00e9xico 2026 | IFEMA MADRID","article_modified_time":"2026-04-03T04:49:35+00:00","twitter_card":"summary_large_image","twitter_misc":{"Tiempo de lectura":"2 minutos"},"schema":{"@context":"https:\/\/schema.org","@graph":[{"@type":"WebPage","@id":"https:\/\/www.ifema.es\/siconmx\/donde-hospedarte\/","url":"https:\/\/www.ifema.es\/siconmx\/donde-hospedarte\/","name":"D\u00f3nde hospedarte - SICON M\u00e9xico 2026 | IFEMA MADRID","isPartOf":{"@id":"https:\/\/www.ifema.es\/siconmx\/#website"},"datePublished":"2026-04-02T18:15:21+00:00","dateModified":"2026-04-03T04:49:35+00:00","breadcrumb":{"@id":"https:\/\/www.ifema.es\/siconmx\/donde-hospedarte\/#breadcrumb"},"inLanguage":"es","potentialAction":[{"@type":"ReadAction","target":["https:\/\/www.ifema.es\/siconmx\/donde-hospedarte\/"]}]},{"@type":"BreadcrumbList","@id":"https:\/\/www.ifema.es\/siconmx\/donde-hospedarte\/#breadcrumb","itemListElement":[{"@type":"ListItem","position":1,"name":"Portada","item":"https:\/\/www.ifema.es\/siconmx\/"},{"@type":"ListItem","position":2,"name":"D\u00f3nde hospedarte"}]},{"@type":"WebSite","@id":"https:\/\/www.ifema.es\/siconmx\/#website","url":"https:\/\/www.ifema.es\/siconmx\/","name":"SICON M\u00e9xico","description":"Asiste a SICON M\u00e9xico 2026, del 14 al 16 de abril, el evento l\u00edder del sector de la construcci\u00f3n que se llevar\u00e1 a cabo en Guadalajara","publisher":{"@id":"https:\/\/www.ifema.es\/siconmx\/#organization"},"potentialAction":[{"@type":"SearchAction","target":{"@type":"EntryPoint","urlTemplate":"https:\/\/www.ifema.es\/siconmx\/?s={search_term_string}"},"query-input":{"@type":"PropertyValueSpecification","valueRequired":true,"valueName":"search_term_string"}}],"inLanguage":"es"},{"@type":"Organization","@id":"https:\/\/www.ifema.es\/siconmx\/#organization","name":"SICON M\u00e9xico","url":"https:\/\/www.ifema.es\/siconmx\/","logo":{"@type":"ImageObject","inLanguage":"es","@id":"https:\/\/www.ifema.es\/siconmx\/#\/schema\/logo\/image\/","url":"https:\/\/www.ifema.es\/siconmx\/wp-content\/uploads\/2025\/08\/siconmx-completo.png","contentUrl":"https:\/\/www.ifema.es\/siconmx\/wp-content\/uploads\/2025\/08\/siconmx-completo.png","width":512,"height":160,"caption":"SICON M\u00e9xico"},"image":{"@id":"https:\/\/www.ifema.es\/siconmx\/#\/schema\/logo\/image\/"}}]}},"_links":{"self":[{"href":"https:\/\/www.ifema.es\/siconmx\/wp-json\/wp\/v2\/pages\/986","targetHints":{"allow":["GET"]}}],"collection":[{"href":"https:\/\/www.ifema.es\/siconmx\/wp-json\/wp\/v2\/pages"}],"about":[{"href":"https:\/\/www.ifema.es\/siconmx\/wp-json\/wp\/v2\/types\/page"}],"author":[{"embeddable":true,"href":"https:\/\/www.ifema.es\/siconmx\/wp-json\/wp\/v2\/users\/3"}],"replies":[{"embeddable":true,"href":"https:\/\/www.ifema.es\/siconmx\/wp-json\/wp\/v2\/comments?post=986"}],"version-history":[{"count":12,"href":"https:\/\/www.ifema.es\/siconmx\/wp-json\/wp\/v2\/pages\/986\/revisions"}],"predecessor-version":[{"id":1008,"href":"https:\/\/www.ifema.es\/siconmx\/wp-json\/wp\/v2\/pages\/986\/revisions\/1008"}],"wp:attachment":[{"href":"https:\/\/www.ifema.es\/siconmx\/wp-json\/wp\/v2\/media?parent=986"}],"curies":[{"name":"wp","href":"https:\/\/api.w.org\/{rel}","templated":true}]}}