{"id":122,"date":"2025-08-04T09:05:45","date_gmt":"2025-08-04T07:05:45","guid":{"rendered":"https:\/\/www.ifema.es\/siconmx\/?page_id=122"},"modified":"2026-04-12T07:29:06","modified_gmt":"2026-04-12T05:29:06","slug":"patrocinar","status":"publish","type":"page","link":"https:\/\/www.ifema.es\/siconmx\/patrocinar\/","title":{"rendered":"Patrocinar"},"content":{"rendered":"<section class=\"l-section wpb_row height_medium\"><div class=\"l-section-h i-cf\"><div class=\"g-cols via_grid cols_1 laptops-cols_inherit tablets-cols_inherit mobiles-cols_1 valign_top type_default\"><div class=\"wpb_column vc_column_container\"><div class=\"vc_column-inner\"><div class=\"w-html\"><div class=\"sicon-empresas-grid\">\n\n      <div class=\"empresa-card\">\n          <div class=\"empresa-card-inner\">\n            <div class=\"empresa-front\">\n              <img decoding=\"async\" src=\"https:\/\/www.ifema.es\/siconmx\/wp-content\/uploads\/2026\/04\/comex-sicon.png\" alt=\"COMEX\">\n            <\/div>\n            <div class=\"empresa-back\">\n              <h3>GRUPO NOVICOLOR S.A. DE C.V.<\/h3>\n              <p>En PPG Comex desarrollamos soluciones innovadoras de alta calidad a trav\u00e9s de nuestros productos y servicios en recubrimientos, buscando siempre proteger y embellecer el mundo. Coordinamos nuestras actividades en un modelo de procesos eficaz y seguro, somos dedicados, proactivos e ingeniosos, buscamos marcar la diferencia para revolucionar el<\/p>\n            <\/div>\n          <\/div>\n        <\/div>\n      \n        <div class=\"empresa-card\">\n          <div class=\"empresa-card-inner\">\n            <div class=\"empresa-front\">\n              <img decoding=\"async\" src=\"https:\/\/www.ifema.es\/siconmx\/wp-content\/uploads\/2026\/01\/equiparnvo.png\" alt=\"EQUIPAR\">\n            <\/div>\n            <div class=\"empresa-back\">\n              <h3>EQUIPAR<\/h3>\n              <p><\/p>\n            <\/div>\n          <\/div>\n        <\/div>\n\n        <div class=\"empresa-card\">\n            <div class=\"empresa-card-inner\">\n              <div class=\"empresa-front\">\n                <img decoding=\"async\" src=\"https:\/\/www.ifema.es\/siconmx\/wp-content\/uploads\/2026\/03\/modumex.png\" alt=\"Modumex\">\n              <\/div>\n              <div class=\"empresa-back\">\n                <h3>Grupo Modumex (Soluciones para Sanitarios P\u00fablicos del Centro)<\/h3>\n                <p>Empresa l\u00edder en la fabricaci\u00f3n y comercializaci\u00f3n de Mamparas Sanitarias, Lockers, Cubiertas para mesa, Puertas y mobiliario para ba\u00f1o p\u00fablicos. Con m\u00e1s de 30 a\u00f1os en el mercado nos enorgullece ofrecer soluciones innovadoras que se adaptan y solucionan las necesidades de cada uno de tus proyectos.<\/p>\n              <\/div>\n            <\/div>\n          <\/div>\n\n<div class=\"empresa-card\">\n          <div class=\"empresa-card-inner\">\n            <div class=\"empresa-front\">\n              <img decoding=\"async\" src=\"https:\/\/www.ifema.es\/siconmx\/wp-content\/uploads\/2026\/04\/30-2.png\" alt=\"SANTO COYOTE\">\n            <\/div>\n            <div class=\"empresa-back\">\n              <h3>SANTO COYOTE<\/h3>\n              <p><\/p>\n            <\/div>\n          <\/div>\n        <\/div>\n\n<div class=\"empresa-card\">\n          <div class=\"empresa-card-inner\">\n            <div class=\"empresa-front\">\n              <img decoding=\"async\" src=\"https:\/\/www.ifema.es\/siconmx\/wp-content\/uploads\/2026\/04\/32-2.png\" alt=\"JOSE CUERVO\">\n            <\/div>\n            <div class=\"empresa-back\">\n              <h3>JOSE CUERVO<\/h3>\n              <p><\/p>\n            <\/div>\n          <\/div>\n        <\/div>\n\n<div class=\"empresa-card\">\n          <div class=\"empresa-card-inner\">\n            <div class=\"empresa-front\">\n              <img decoding=\"async\" src=\"https:\/\/www.ifema.es\/siconmx\/wp-content\/uploads\/2026\/04\/31-2.png\" alt=\"RAICILLAS DE ORO\">\n            <\/div>\n            <div class=\"empresa-back\">\n              <h3>RAICILLAS DE ORO<\/h3>\n              <p><\/p>\n            <\/div>\n          <\/div>\n        <\/div>\n\n      <\/div><\/div><h2 class=\"w-text us_custom_967d4880\"><span class=\"w-text-h\"><span class=\"w-text-value\">Contacta con nosotros<\/span><\/span><\/h2><div class=\"wpb_text_column\"><div class=\"wpb_wrapper\"><p>Si est\u00e1s interesado en destacar tu marca, puedes hacerlo a trav\u00e9s de los distintos patrocinios que te ofrece IFEMA MADRID. Por favor, rellena el siguiente formulario y nos pondremos en contacto contigo para informarte de forma personalizada:<\/p>\n<\/div><\/div><div class=\"wpb_text_column\"><div class=\"wpb_wrapper\">\n<div class=\"wpcf7 no-js\" id=\"wpcf7-f9-o1\" lang=\"es-ES\" dir=\"ltr\" data-wpcf7-id=\"9\">\n<div class=\"screen-reader-response\"><p role=\"status\" aria-live=\"polite\" aria-atomic=\"true\"><\/p> <ul><\/ul><\/div>\n<form action=\"\/siconmx\/wp-json\/wp\/v2\/pages\/122#wpcf7-f9-o1\" method=\"post\" class=\"wpcf7-form init\" aria-label=\"Formulario de contacto\" novalidate=\"novalidate\" data-status=\"init\">\n<fieldset class=\"hidden-fields-container\"><input type=\"hidden\" name=\"_wpcf7\" value=\"9\" \/><input type=\"hidden\" name=\"_wpcf7_version\" value=\"6.1.4\" \/><input type=\"hidden\" name=\"_wpcf7_locale\" value=\"es_ES\" \/><input type=\"hidden\" name=\"_wpcf7_unit_tag\" value=\"wpcf7-f9-o1\" \/><input type=\"hidden\" name=\"_wpcf7_container_post\" value=\"0\" \/><input type=\"hidden\" name=\"_wpcf7_posted_data_hash\" value=\"\" \/><input type=\"hidden\" name=\"_wpcf7_recaptcha_response\" value=\"\" \/>\n<\/fieldset>\n<p><label> Nombre *<br \/>\n<span class=\"wpcf7-form-control-wrap\" data-name=\"your-name\"><input size=\"40\" maxlength=\"400\" class=\"wpcf7-form-control wpcf7-text wpcf7-validates-as-required\" autocomplete=\"name\" aria-required=\"true\" aria-invalid=\"false\" value=\"\" type=\"text\" name=\"your-name\" \/><\/span> <\/label>\n<\/p>\n<p><label> Empresa *<br \/>\n<span class=\"wpcf7-form-control-wrap\" data-name=\"company\"><input size=\"40\" maxlength=\"400\" class=\"wpcf7-form-control wpcf7-text wpcf7-validates-as-required\" autocomplete=\"name\" aria-required=\"true\" aria-invalid=\"false\" value=\"\" type=\"text\" name=\"company\" \/><\/span> <\/label>\n<\/p>\n<p><label> Sector *<br \/>\n<span class=\"wpcf7-form-control-wrap\" data-name=\"sector\"><select class=\"wpcf7-form-control wpcf7-select wpcf7-validates-as-required\" aria-required=\"true\" aria-invalid=\"false\" name=\"sector\"><option value=\"\"><\/option><option value=\"Aislantes, muros, techos\">Aislantes, muros, techos<\/option><option value=\"Arquitectura de interiores\">Arquitectura de interiores<\/option><option value=\"Asociaci\u00f3n colegios profesionales\">Asociaci\u00f3n colegios profesionales<\/option><option value=\"Ba\u00f1o\">Ba\u00f1o<\/option><option value=\"Cemento - hormig\u00f3n\">Cemento - hormig\u00f3n<\/option><option value=\"Cer\u00e1micos\/ porcel\u00e1nicos suelos y recubrimientos\">Cer\u00e1micos\/ porcel\u00e1nicos suelos y recubrimientos<\/option><option value=\"Construcion modular industrializada\">Construcion modular industrializada<\/option><option value=\"Constructora - obra civil - infraestructura\">Constructora - obra civil - infraestructura<\/option><option value=\"Consultoras - ingenier\u00edas\">Consultoras - ingenier\u00edas<\/option><option value=\"Herramientas\">Herramientas<\/option><option value=\"Iluminaci\u00f3n y material electrico\">Iluminaci\u00f3n y material electrico<\/option><option value=\"Inmobiliarias - desarrolladores inmobiliarios\">Inmobiliarias - desarrolladores inmobiliarios<\/option><option value=\"Maqunaria - veh\u00edculos\">Maqunaria - veh\u00edculos<\/option><option value=\"Materiales construccion general\">Materiales construccion general<\/option><option value=\"Pinturas - recubrimientos - selladores\">Pinturas - recubrimientos - selladores<\/option><option value=\"Pisicinas\">Pisicinas<\/option><option value=\"Puertas\">Puertas<\/option><option value=\"Siderurgia y metalister\u00eda\">Siderurgia y metalister\u00eda<\/option><option value=\"Sistemas auxiliares asociados a la edificaci\u00f3n\">Sistemas auxiliares asociados a la edificaci\u00f3n<\/option><option value=\"Suelos y tarimas\">Suelos y tarimas<\/option><option value=\"Tecnolog\u00eda asociada a la construccion\">Tecnolog\u00eda asociada a la construccion<\/option><option value=\"Ventanas y cerramientos\">Ventanas y cerramientos<\/option><option value=\"Otros\">Otros<\/option><\/select><\/span> <\/label>\n<\/p>\n<p><label> Pa\u00eds *<br \/>\n<span class=\"wpcf7-form-control-wrap\" data-name=\"country\"><input size=\"40\" maxlength=\"400\" class=\"wpcf7-form-control wpcf7-text wpcf7-validates-as-required\" autocomplete=\"name\" aria-required=\"true\" aria-invalid=\"false\" value=\"\" type=\"text\" name=\"country\" \/><\/span> <\/label>\n<\/p>\n<p><label> Tu correo electr\u00f3nico *<br \/>\n<span class=\"wpcf7-form-control-wrap\" data-name=\"your-email\"><input size=\"40\" maxlength=\"400\" class=\"wpcf7-form-control wpcf7-email wpcf7-validates-as-required wpcf7-text wpcf7-validates-as-email\" autocomplete=\"email\" aria-required=\"true\" aria-invalid=\"false\" value=\"\" type=\"email\" name=\"your-email\" \/><\/span> <\/label>\n<\/p>\n<p><label> Tel\u00e9fono<br \/>\n<span class=\"wpcf7-form-control-wrap\" data-name=\"phone\"><input size=\"40\" maxlength=\"400\" class=\"wpcf7-form-control wpcf7-text\" autocomplete=\"name\" aria-invalid=\"false\" value=\"\" type=\"text\" name=\"phone\" \/><\/span> <\/label>\n<\/p>\n<p><label> Tu mensaje<br \/>\n<span class=\"wpcf7-form-control-wrap\" data-name=\"your-message\"><textarea cols=\"40\" rows=\"10\" maxlength=\"2000\" class=\"wpcf7-form-control wpcf7-textarea\" aria-invalid=\"false\" name=\"your-message\"><\/textarea><\/span> <\/label>\n<\/p>\n<p>* Campos obligatorios.\n<\/p>\n<p><strong>Informaci\u00f3n sobre tratamiento de datos personales<\/strong>:<br \/>\n<strong>Responsables<\/strong>: IFEMA MADRID y EXPO GUADALAJARA.<br \/>\n<strong>Finalidad<\/strong>: Atender su consulta y ofrecerle la informaci\u00f3n que nos solicita. Legitimaci\u00f3n: consentimiento del interesado.<br \/>\n<strong>Destinatarios<\/strong>: No se ceder\u00e1n datos a terceros. Sus datos podr\u00edan ser comunicados a EXPO GUADALAJARA ubicado en Mexico para atender sus consultas.<br \/>\n<strong>Ejercicio de derechos<\/strong>: dirigiendo comunicaci\u00f3n a IFEMA MADRID, con domicilio en Avda. del Parten\u00f3n, 5 (28042) de Madrid o por email a \"<a href=\"mailto:protecciondedatos@ifema.es\">protecciondedatos@ifema.es<\/a>\".<br \/>\nPuede contactar con EXPO GUADALAJARA a trav\u00e9s del email \u201c<a href=\"mailto:privacidad@expoguadalajara.mx\">privacidad@expoguadalajara.mx<\/a>\u201d. Asimismo, puede recabar la tutela de la AEPD a trav\u00e9s de la p\u00e1gina web y consultar nuestra pol\u00edtica de privacidad <a href=\"https:\/\/www.ifema.es\" target=\"_blank\">ifema.es<\/a>.\n<\/p>\n<span class=\"wpcf7-form-control-wrap recaptcha\" data-name=\"recaptcha\"><span data-sitekey=\"6LfpF8QpAAAAAPZTZOvFxH_12GW1RzcdEx4k_CWi\" class=\"wpcf7-form-control wpcf7-recaptcha g-recaptcha\"><\/span>\r\n<noscript>\r\n\t<div class=\"grecaptcha-noscript\">\r\n\t\t<iframe loading=\"lazy\" src=\"https:\/\/www.google.com\/recaptcha\/api\/fallback?k=6LfpF8QpAAAAAPZTZOvFxH_12GW1RzcdEx4k_CWi\" frameborder=\"0\" scrolling=\"no\" width=\"310\" height=\"430\">\r\n\t\t<\/iframe>\r\n\t\t<textarea name=\"g-recaptcha-response\" rows=\"3\" cols=\"40\" placeholder=\"Aqu\u00ed la respuesta de reCAPTCHA\">\r\n\t\t<\/textarea>\r\n\t<\/div>\r\n<\/noscript>\r\n<\/span>\n<p><input class=\"wpcf7-form-control wpcf7-submit has-spinner\" type=\"submit\" value=\"Enviar\" \/>\n<\/p><p style=\"display: none !important;\" class=\"akismet-fields-container\" data-prefix=\"_wpcf7_ak_\"><label>&#916;<textarea name=\"_wpcf7_ak_hp_textarea\" cols=\"45\" rows=\"8\" maxlength=\"100\"><\/textarea><\/label><input type=\"hidden\" id=\"ak_js_1\" name=\"_wpcf7_ak_js\" value=\"221\"\/><script>document.getElementById( \"ak_js_1\" ).setAttribute( \"value\", ( new Date() ).getTime() );<\/script><\/p><div class=\"wpcf7-response-output\" aria-hidden=\"true\"><\/div>\n<\/form>\n<\/div>\n\n<\/div><\/div><\/div><\/div><\/div><\/div><\/section><section class=\"l-section wpb_row height_medium\"><div class=\"l-section-h i-cf\"><div class=\"g-cols via_grid cols_1 laptops-cols_inherit tablets-cols_inherit mobiles-cols_1 valign_top type_default\"><div class=\"wpb_column vc_column_container\"><div class=\"vc_column-inner\"><div class=\"w-btn-wrapper align_none\"><a class=\"w-btn us-btn-style_1\" target=\"_blank\" href=\"https:\/\/www.ifema.es\/siconmx\/wp-content\/uploads\/2025\/12\/PATROCINIO-SICON-AGENCIA.pdf\" rel=\"noopener\"><span class=\"w-btn-label\">Descarga para m\u00e1s informaci\u00f3n<\/span><\/a><\/div><\/div><\/div><\/div><\/div><\/section>\n","protected":false},"excerpt":{"rendered":"GRUPO NOVICOLOR S.A. DE C.V. En PPG Comex desarrollamos soluciones innovadoras de alta calidad a trav\u00e9s de nuestros productos y servicios en recubrimientos, buscando siempre proteger y embellecer el mundo. Coordinamos nuestras actividades en un modelo de procesos eficaz y seguro, somos dedicados, proactivos e ingeniosos, buscamos marcar la diferencia para revolucionar el EQUIPAR Grupo...","protected":false},"author":2,"featured_media":0,"parent":0,"menu_order":0,"comment_status":"closed","ping_status":"closed","template":"","meta":{"inline_featured_image":false,"footnotes":""},"class_list":["post-122","page","type-page","status-publish","hentry"],"yoast_head":"<!-- This site is optimized with the Yoast SEO plugin v26.6 - https:\/\/yoast.com\/wordpress\/plugins\/seo\/ -->\n<title>Patrocinar - SICON M\u00e9xico 2026 | IFEMA MADRID<\/title>\n<meta name=\"robots\" content=\"index, follow, max-snippet:-1, max-image-preview:large, max-video-preview:-1\" \/>\n<link rel=\"canonical\" href=\"https:\/\/www.ifema.es\/siconmx\/patrocinar\/\" \/>\n<meta property=\"og:locale\" content=\"es_ES\" \/>\n<meta property=\"og:type\" content=\"article\" \/>\n<meta property=\"og:title\" content=\"Patrocinar - SICON M\u00e9xico 2026 | IFEMA MADRID\" \/>\n<meta property=\"og:url\" content=\"https:\/\/www.ifema.es\/siconmx\/patrocinar\/\" \/>\n<meta property=\"og:site_name\" content=\"SICON M\u00e9xico 2026 | IFEMA MADRID\" \/>\n<meta property=\"article:modified_time\" content=\"2026-04-12T05:29:06+00:00\" \/>\n<meta name=\"twitter:card\" content=\"summary_large_image\" \/>\n<meta name=\"twitter:label1\" content=\"Tiempo de lectura\" \/>\n\t<meta name=\"twitter:data1\" content=\"1 minuto\" \/>\n<script type=\"application\/ld+json\" class=\"yoast-schema-graph\">{\"@context\":\"https:\/\/schema.org\",\"@graph\":[{\"@type\":\"WebPage\",\"@id\":\"https:\/\/www.ifema.es\/siconmx\/patrocinar\/\",\"url\":\"https:\/\/www.ifema.es\/siconmx\/patrocinar\/\",\"name\":\"Patrocinar - SICON M\u00e9xico 2026 | IFEMA MADRID\",\"isPartOf\":{\"@id\":\"https:\/\/www.ifema.es\/siconmx\/#website\"},\"datePublished\":\"2025-08-04T07:05:45+00:00\",\"dateModified\":\"2026-04-12T05:29:06+00:00\",\"breadcrumb\":{\"@id\":\"https:\/\/www.ifema.es\/siconmx\/patrocinar\/#breadcrumb\"},\"inLanguage\":\"es\",\"potentialAction\":[{\"@type\":\"ReadAction\",\"target\":[\"https:\/\/www.ifema.es\/siconmx\/patrocinar\/\"]}]},{\"@type\":\"BreadcrumbList\",\"@id\":\"https:\/\/www.ifema.es\/siconmx\/patrocinar\/#breadcrumb\",\"itemListElement\":[{\"@type\":\"ListItem\",\"position\":1,\"name\":\"Portada\",\"item\":\"https:\/\/www.ifema.es\/siconmx\/\"},{\"@type\":\"ListItem\",\"position\":2,\"name\":\"Patrocinar\"}]},{\"@type\":\"WebSite\",\"@id\":\"https:\/\/www.ifema.es\/siconmx\/#website\",\"url\":\"https:\/\/www.ifema.es\/siconmx\/\",\"name\":\"SICON M\u00e9xico\",\"description\":\"Asiste a SICON M\u00e9xico 2026, del 14 al 16 de abril, el evento l\u00edder del sector de la construcci\u00f3n que se llevar\u00e1 a cabo en Guadalajara\",\"publisher\":{\"@id\":\"https:\/\/www.ifema.es\/siconmx\/#organization\"},\"potentialAction\":[{\"@type\":\"SearchAction\",\"target\":{\"@type\":\"EntryPoint\",\"urlTemplate\":\"https:\/\/www.ifema.es\/siconmx\/?s={search_term_string}\"},\"query-input\":{\"@type\":\"PropertyValueSpecification\",\"valueRequired\":true,\"valueName\":\"search_term_string\"}}],\"inLanguage\":\"es\"},{\"@type\":\"Organization\",\"@id\":\"https:\/\/www.ifema.es\/siconmx\/#organization\",\"name\":\"SICON M\u00e9xico\",\"url\":\"https:\/\/www.ifema.es\/siconmx\/\",\"logo\":{\"@type\":\"ImageObject\",\"inLanguage\":\"es\",\"@id\":\"https:\/\/www.ifema.es\/siconmx\/#\/schema\/logo\/image\/\",\"url\":\"https:\/\/www.ifema.es\/siconmx\/wp-content\/uploads\/2025\/08\/siconmx-completo.png\",\"contentUrl\":\"https:\/\/www.ifema.es\/siconmx\/wp-content\/uploads\/2025\/08\/siconmx-completo.png\",\"width\":512,\"height\":160,\"caption\":\"SICON M\u00e9xico\"},\"image\":{\"@id\":\"https:\/\/www.ifema.es\/siconmx\/#\/schema\/logo\/image\/\"}}]}<\/script>\n<!-- \/ Yoast SEO plugin. -->","yoast_head_json":{"title":"Patrocinar - SICON M\u00e9xico 2026 | IFEMA MADRID","robots":{"index":"index","follow":"follow","max-snippet":"max-snippet:-1","max-image-preview":"max-image-preview:large","max-video-preview":"max-video-preview:-1"},"canonical":"https:\/\/www.ifema.es\/siconmx\/patrocinar\/","og_locale":"es_ES","og_type":"article","og_title":"Patrocinar - SICON M\u00e9xico 2026 | IFEMA MADRID","og_url":"https:\/\/www.ifema.es\/siconmx\/patrocinar\/","og_site_name":"SICON M\u00e9xico 2026 | IFEMA MADRID","article_modified_time":"2026-04-12T05:29:06+00:00","twitter_card":"summary_large_image","twitter_misc":{"Tiempo de lectura":"1 minuto"},"schema":{"@context":"https:\/\/schema.org","@graph":[{"@type":"WebPage","@id":"https:\/\/www.ifema.es\/siconmx\/patrocinar\/","url":"https:\/\/www.ifema.es\/siconmx\/patrocinar\/","name":"Patrocinar - SICON M\u00e9xico 2026 | IFEMA MADRID","isPartOf":{"@id":"https:\/\/www.ifema.es\/siconmx\/#website"},"datePublished":"2025-08-04T07:05:45+00:00","dateModified":"2026-04-12T05:29:06+00:00","breadcrumb":{"@id":"https:\/\/www.ifema.es\/siconmx\/patrocinar\/#breadcrumb"},"inLanguage":"es","potentialAction":[{"@type":"ReadAction","target":["https:\/\/www.ifema.es\/siconmx\/patrocinar\/"]}]},{"@type":"BreadcrumbList","@id":"https:\/\/www.ifema.es\/siconmx\/patrocinar\/#breadcrumb","itemListElement":[{"@type":"ListItem","position":1,"name":"Portada","item":"https:\/\/www.ifema.es\/siconmx\/"},{"@type":"ListItem","position":2,"name":"Patrocinar"}]},{"@type":"WebSite","@id":"https:\/\/www.ifema.es\/siconmx\/#website","url":"https:\/\/www.ifema.es\/siconmx\/","name":"SICON M\u00e9xico","description":"Asiste a SICON M\u00e9xico 2026, del 14 al 16 de abril, el evento l\u00edder del sector de la construcci\u00f3n que se llevar\u00e1 a cabo en Guadalajara","publisher":{"@id":"https:\/\/www.ifema.es\/siconmx\/#organization"},"potentialAction":[{"@type":"SearchAction","target":{"@type":"EntryPoint","urlTemplate":"https:\/\/www.ifema.es\/siconmx\/?s={search_term_string}"},"query-input":{"@type":"PropertyValueSpecification","valueRequired":true,"valueName":"search_term_string"}}],"inLanguage":"es"},{"@type":"Organization","@id":"https:\/\/www.ifema.es\/siconmx\/#organization","name":"SICON M\u00e9xico","url":"https:\/\/www.ifema.es\/siconmx\/","logo":{"@type":"ImageObject","inLanguage":"es","@id":"https:\/\/www.ifema.es\/siconmx\/#\/schema\/logo\/image\/","url":"https:\/\/www.ifema.es\/siconmx\/wp-content\/uploads\/2025\/08\/siconmx-completo.png","contentUrl":"https:\/\/www.ifema.es\/siconmx\/wp-content\/uploads\/2025\/08\/siconmx-completo.png","width":512,"height":160,"caption":"SICON M\u00e9xico"},"image":{"@id":"https:\/\/www.ifema.es\/siconmx\/#\/schema\/logo\/image\/"}}]}},"_links":{"self":[{"href":"https:\/\/www.ifema.es\/siconmx\/wp-json\/wp\/v2\/pages\/122","targetHints":{"allow":["GET"]}}],"collection":[{"href":"https:\/\/www.ifema.es\/siconmx\/wp-json\/wp\/v2\/pages"}],"about":[{"href":"https:\/\/www.ifema.es\/siconmx\/wp-json\/wp\/v2\/types\/page"}],"author":[{"embeddable":true,"href":"https:\/\/www.ifema.es\/siconmx\/wp-json\/wp\/v2\/users\/2"}],"replies":[{"embeddable":true,"href":"https:\/\/www.ifema.es\/siconmx\/wp-json\/wp\/v2\/comments?post=122"}],"version-history":[{"count":14,"href":"https:\/\/www.ifema.es\/siconmx\/wp-json\/wp\/v2\/pages\/122\/revisions"}],"predecessor-version":[{"id":1270,"href":"https:\/\/www.ifema.es\/siconmx\/wp-json\/wp\/v2\/pages\/122\/revisions\/1270"}],"wp:attachment":[{"href":"https:\/\/www.ifema.es\/siconmx\/wp-json\/wp\/v2\/media?parent=122"}],"curies":[{"name":"wp","href":"https:\/\/api.w.org\/{rel}","templated":true}]}}