{"id":36,"date":"2022-04-20T10:21:25","date_gmt":"2022-04-20T10:21:25","guid":{"rendered":"https:\/\/www.ifema.es\/genera-mexico\/?page_id=36"},"modified":"2022-12-16T16:26:19","modified_gmt":"2022-12-16T16:26:19","slug":"que-necesitas-para-exponer","status":"publish","type":"page","link":"https:\/\/www.ifema.es\/genera-mexico\/quiero-exponer\/que-necesitas-para-exponer\/","title":{"rendered":"Qu\u00e9 necesitas para exponer"},"content":{"rendered":"<section class=\"l-section wpb_row p-container height_medium\"><div class=\"l-section-h i-cf\"><div class=\"g-cols via_grid cols_2 laptops-cols_inherit tablets-cols_inherit mobiles-cols_1 valign_top type_default\"><div class=\"wpb_column vc_column_container\"><div class=\"vc_column-inner\"><div class=\"wpb_text_column headers\"><div class=\"wpb_wrapper\"><h1><b>Qu\u00e9 necesitas para exponer<\/b><\/h1>\n<p>Para participar en la primera edici\u00f3n de Genera M\u00e9xico, cont\u00e1ctanos y forma parte del mayor evento internacional de Energ\u00eda y Medio Ambiente.<\/p>\n<\/div><\/div><div class=\"w-image align_none\"><div class=\"w-image-h\"><img loading=\"lazy\" decoding=\"async\" width=\"568\" height=\"350\" src=\"https:\/\/www.ifema.es\/genera-mexico\/wp-content\/uploads\/2022\/09\/Que-necesitas-para-exponer-568-x-350.jpg\" class=\"attachment-full size-full\" alt=\"\" srcset=\"https:\/\/www.ifema.es\/genera-mexico\/wp-content\/uploads\/2022\/09\/Que-necesitas-para-exponer-568-x-350.jpg 568w, https:\/\/www.ifema.es\/genera-mexico\/wp-content\/uploads\/2022\/09\/Que-necesitas-para-exponer-568-x-350-300x185.jpg 300w\" sizes=\"auto, (max-width: 568px) 100vw, 568px\" \/><\/div><\/div><\/div><\/div><div class=\"wpb_column vc_column_container\"><div class=\"vc_column-inner\"><div class=\"wpcf7 no-js\" id=\"wpcf7-f266-o1\" lang=\"es-ES\" dir=\"ltr\">\n<div class=\"screen-reader-response\"><p role=\"status\" aria-live=\"polite\" aria-atomic=\"true\"><\/p> <ul><\/ul><\/div>\n<form action=\"\/genera-mexico\/wp-json\/wp\/v2\/pages\/36#wpcf7-f266-o1\" method=\"post\" class=\"wpcf7-form init\" aria-label=\"Formulario de contacto\" novalidate=\"novalidate\" data-status=\"init\">\n<div style=\"display: none;\">\n<input type=\"hidden\" name=\"_wpcf7\" value=\"266\" \/>\n<input type=\"hidden\" name=\"_wpcf7_version\" value=\"5.7\" \/>\n<input type=\"hidden\" name=\"_wpcf7_locale\" value=\"es_ES\" \/>\n<input type=\"hidden\" name=\"_wpcf7_unit_tag\" value=\"wpcf7-f266-o1\" \/>\n<input type=\"hidden\" name=\"_wpcf7_container_post\" value=\"0\" \/>\n<input type=\"hidden\" name=\"_wpcf7_posted_data_hash\" value=\"\" \/>\n<input type=\"hidden\" name=\"_wpcf7_recaptcha_response\" value=\"\" \/>\n<\/div>\n<p><span class=\"wpcf7-form-control-wrap\" data-name=\"nombre\"><input size=\"40\" class=\"wpcf7-form-control wpcf7-text wpcf7-validates-as-required\" aria-required=\"true\" aria-invalid=\"false\" placeholder=\"Nombre y apellido\" value=\"\" type=\"text\" name=\"nombre\" \/><\/span>\n<\/p>\n<p><span class=\"wpcf7-form-control-wrap\" data-name=\"empresa\"><input size=\"40\" class=\"wpcf7-form-control wpcf7-text wpcf7-validates-as-required\" aria-required=\"true\" aria-invalid=\"false\" placeholder=\"Nombre de la empresa\" value=\"\" type=\"text\" name=\"empresa\" \/><\/span>\n<\/p>\n<p><span class=\"wpcf7-form-control-wrap\" data-name=\"email\"><input size=\"40\" class=\"wpcf7-form-control wpcf7-text wpcf7-email wpcf7-validates-as-required wpcf7-validates-as-email\" aria-required=\"true\" aria-invalid=\"false\" placeholder=\"Email\" value=\"\" type=\"email\" name=\"email\" \/><\/span>\n<\/p>\n<p><span class=\"wpcf7-form-control-wrap\" data-name=\"telefono\"><input size=\"40\" class=\"wpcf7-form-control wpcf7-text wpcf7-tel wpcf7-validates-as-required wpcf7-validates-as-tel\" aria-required=\"true\" aria-invalid=\"false\" placeholder=\"Tel\u00e9fono\" value=\"\" type=\"tel\" name=\"telefono\" \/><\/span>\n<\/p>\n<p><span class=\"wpcf7-form-control-wrap\" data-name=\"mensaje\"><textarea cols=\"40\" rows=\"10\" class=\"wpcf7-form-control wpcf7-textarea\" aria-invalid=\"false\" placeholder=\"Mensaje\" name=\"mensaje\"><\/textarea><\/span>\n<\/p>\n<p><input class=\"wpcf7-form-control has-spinner wpcf7-submit\" type=\"submit\" value=\"Enviar\" \/>\n<\/p><p style=\"display: none !important;\"><label>&#916;<textarea name=\"_wpcf7_ak_hp_textarea\" cols=\"45\" rows=\"8\" maxlength=\"100\"><\/textarea><\/label><input type=\"hidden\" id=\"ak_js_1\" name=\"_wpcf7_ak_js\" value=\"106\"\/><script>document.getElementById( \"ak_js_1\" ).setAttribute( \"value\", ( new Date() ).getTime() );<\/script><\/p><div class=\"wpcf7-response-output\" aria-hidden=\"true\"><\/div><\/form><\/div><\/div><\/div><\/div><\/div><\/section>\n","protected":false},"excerpt":{"rendered":"Qu\u00e9 necesitas para exponer Para participar en la primera edici\u00f3n de Genera M\u00e9xico, cont\u00e1ctanos y forma parte del mayor evento internacional de Energ\u00eda y Medio Ambiente. &#916;","protected":false},"author":2,"featured_media":0,"parent":34,"menu_order":0,"comment_status":"closed","ping_status":"closed","template":"","meta":{"inline_featured_image":false,"footnotes":""},"class_list":["post-36","page","type-page","status-publish","hentry"],"yoast_head":"<!-- This site is optimized with the Yoast SEO plugin v19.11 - https:\/\/yoast.com\/wordpress\/plugins\/seo\/ -->\n<title>Qu\u00e9 necesitas para exponer | GENERA M\u00c9XICO 2023 | IFEMA MADRID INTERNACIONAL<\/title>\n<meta name=\"robots\" content=\"noindex, nofollow\" \/>\n<meta property=\"og:locale\" content=\"es_ES\" \/>\n<meta property=\"og:type\" content=\"article\" \/>\n<meta property=\"og:title\" content=\"Qu\u00e9 necesitas para exponer | GENERA M\u00c9XICO 2023 | IFEMA MADRID INTERNACIONAL\" \/>\n<meta property=\"og:url\" content=\"https:\/\/www.ifema.es\/genera-mexico\/quiero-exponer\/que-necesitas-para-exponer\/\" \/>\n<meta property=\"og:site_name\" content=\"Genera M\u00e9xico | IFEMA MADRID INTERNACIONAL\" \/>\n<meta property=\"article:modified_time\" content=\"2022-12-16T16:26:19+00:00\" \/>\n<meta name=\"twitter:card\" content=\"summary_large_image\" \/>\n<meta name=\"twitter:label1\" content=\"Tiempo de lectura\" \/>\n\t<meta name=\"twitter:data1\" content=\"1 minuto\" \/>\n<script type=\"application\/ld+json\" class=\"yoast-schema-graph\">{\"@context\":\"https:\/\/schema.org\",\"@graph\":[{\"@type\":\"WebPage\",\"@id\":\"https:\/\/www.ifema.es\/genera-mexico\/quiero-exponer\/que-necesitas-para-exponer\/\",\"url\":\"https:\/\/www.ifema.es\/genera-mexico\/quiero-exponer\/que-necesitas-para-exponer\/\",\"name\":\"Qu\u00e9 necesitas para exponer | GENERA M\u00c9XICO 2023 | IFEMA MADRID INTERNACIONAL\",\"isPartOf\":{\"@id\":\"https:\/\/www.ifema.es\/genera-mexico\/#website\"},\"datePublished\":\"2022-04-20T10:21:25+00:00\",\"dateModified\":\"2022-12-16T16:26:19+00:00\",\"breadcrumb\":{\"@id\":\"https:\/\/www.ifema.es\/genera-mexico\/quiero-exponer\/que-necesitas-para-exponer\/#breadcrumb\"},\"inLanguage\":\"es\",\"potentialAction\":[{\"@type\":\"ReadAction\",\"target\":[\"https:\/\/www.ifema.es\/genera-mexico\/quiero-exponer\/que-necesitas-para-exponer\/\"]}]},{\"@type\":\"BreadcrumbList\",\"@id\":\"https:\/\/www.ifema.es\/genera-mexico\/quiero-exponer\/que-necesitas-para-exponer\/#breadcrumb\",\"itemListElement\":[{\"@type\":\"ListItem\",\"position\":1,\"name\":\"Portada\",\"item\":\"https:\/\/www.ifema.es\/genera-mexico\/\"},{\"@type\":\"ListItem\",\"position\":2,\"name\":\"Quiero exponer\",\"item\":\"https:\/\/www.ifema.es\/genera-mexico\/quiero-exponer\/\"},{\"@type\":\"ListItem\",\"position\":3,\"name\":\"Qu\u00e9 necesitas para exponer\"}]},{\"@type\":\"WebSite\",\"@id\":\"https:\/\/www.ifema.es\/genera-mexico\/#website\",\"url\":\"https:\/\/www.ifema.es\/genera-mexico\/\",\"name\":\"Genera M\u00e9xico | IFEMA MADRID INTERNACIONAL\",\"description\":\"Genera M\u00e9xico\",\"potentialAction\":[{\"@type\":\"SearchAction\",\"target\":{\"@type\":\"EntryPoint\",\"urlTemplate\":\"https:\/\/www.ifema.es\/genera-mexico\/?s={search_term_string}\"},\"query-input\":\"required name=search_term_string\"}],\"inLanguage\":\"es\"}]}<\/script>\n<!-- \/ Yoast SEO plugin. -->","yoast_head_json":{"title":"Qu\u00e9 necesitas para exponer | GENERA M\u00c9XICO 2023 | IFEMA MADRID INTERNACIONAL","robots":{"index":"noindex","follow":"nofollow"},"og_locale":"es_ES","og_type":"article","og_title":"Qu\u00e9 necesitas para exponer | GENERA M\u00c9XICO 2023 | IFEMA MADRID INTERNACIONAL","og_url":"https:\/\/www.ifema.es\/genera-mexico\/quiero-exponer\/que-necesitas-para-exponer\/","og_site_name":"Genera M\u00e9xico | IFEMA MADRID INTERNACIONAL","article_modified_time":"2022-12-16T16:26:19+00:00","twitter_card":"summary_large_image","twitter_misc":{"Tiempo de lectura":"1 minuto"},"schema":{"@context":"https:\/\/schema.org","@graph":[{"@type":"WebPage","@id":"https:\/\/www.ifema.es\/genera-mexico\/quiero-exponer\/que-necesitas-para-exponer\/","url":"https:\/\/www.ifema.es\/genera-mexico\/quiero-exponer\/que-necesitas-para-exponer\/","name":"Qu\u00e9 necesitas para exponer | GENERA M\u00c9XICO 2023 | IFEMA MADRID INTERNACIONAL","isPartOf":{"@id":"https:\/\/www.ifema.es\/genera-mexico\/#website"},"datePublished":"2022-04-20T10:21:25+00:00","dateModified":"2022-12-16T16:26:19+00:00","breadcrumb":{"@id":"https:\/\/www.ifema.es\/genera-mexico\/quiero-exponer\/que-necesitas-para-exponer\/#breadcrumb"},"inLanguage":"es","potentialAction":[{"@type":"ReadAction","target":["https:\/\/www.ifema.es\/genera-mexico\/quiero-exponer\/que-necesitas-para-exponer\/"]}]},{"@type":"BreadcrumbList","@id":"https:\/\/www.ifema.es\/genera-mexico\/quiero-exponer\/que-necesitas-para-exponer\/#breadcrumb","itemListElement":[{"@type":"ListItem","position":1,"name":"Portada","item":"https:\/\/www.ifema.es\/genera-mexico\/"},{"@type":"ListItem","position":2,"name":"Quiero exponer","item":"https:\/\/www.ifema.es\/genera-mexico\/quiero-exponer\/"},{"@type":"ListItem","position":3,"name":"Qu\u00e9 necesitas para exponer"}]},{"@type":"WebSite","@id":"https:\/\/www.ifema.es\/genera-mexico\/#website","url":"https:\/\/www.ifema.es\/genera-mexico\/","name":"Genera M\u00e9xico | IFEMA MADRID INTERNACIONAL","description":"Genera M\u00e9xico","potentialAction":[{"@type":"SearchAction","target":{"@type":"EntryPoint","urlTemplate":"https:\/\/www.ifema.es\/genera-mexico\/?s={search_term_string}"},"query-input":"required name=search_term_string"}],"inLanguage":"es"}]}},"_links":{"self":[{"href":"https:\/\/www.ifema.es\/genera-mexico\/wp-json\/wp\/v2\/pages\/36","targetHints":{"allow":["GET"]}}],"collection":[{"href":"https:\/\/www.ifema.es\/genera-mexico\/wp-json\/wp\/v2\/pages"}],"about":[{"href":"https:\/\/www.ifema.es\/genera-mexico\/wp-json\/wp\/v2\/types\/page"}],"author":[{"embeddable":true,"href":"https:\/\/www.ifema.es\/genera-mexico\/wp-json\/wp\/v2\/users\/2"}],"replies":[{"embeddable":true,"href":"https:\/\/www.ifema.es\/genera-mexico\/wp-json\/wp\/v2\/comments?post=36"}],"version-history":[{"count":13,"href":"https:\/\/www.ifema.es\/genera-mexico\/wp-json\/wp\/v2\/pages\/36\/revisions"}],"predecessor-version":[{"id":433,"href":"https:\/\/www.ifema.es\/genera-mexico\/wp-json\/wp\/v2\/pages\/36\/revisions\/433"}],"up":[{"embeddable":true,"href":"https:\/\/www.ifema.es\/genera-mexico\/wp-json\/wp\/v2\/pages\/34"}],"wp:attachment":[{"href":"https:\/\/www.ifema.es\/genera-mexico\/wp-json\/wp\/v2\/media?parent=36"}],"curies":[{"name":"wp","href":"https:\/\/api.w.org\/{rel}","templated":true}]}}