{"id":12841,"date":"2025-01-14T18:39:54","date_gmt":"2025-01-14T17:39:54","guid":{"rendered":"https:\/\/www.ifema.es\/fruit-attraction-sao-paulo\/?page_id=12841"},"modified":"2025-01-21T16:21:12","modified_gmt":"2025-01-21T15:21:12","slug":"formulario-expositor","status":"publish","type":"page","link":"https:\/\/www.ifema.es\/fruit-attraction-sao-paulo\/formulario-expositor\/","title":{"rendered":"Formul\u00e1rio Expositor"},"content":{"rendered":"\t\t<div data-elementor-type=\"wp-page\" data-elementor-id=\"12841\" class=\"elementor elementor-12841\">\n\t\t\t\t<div class=\"elementor-element elementor-element-16a4ea3 e-flex e-con-boxed e-con e-parent\" data-id=\"16a4ea3\" data-element_type=\"container\">\n\t\t\t\t\t<div class=\"e-con-inner\">\n\t\t<div class=\"elementor-element elementor-element-b51586c e-con-full e-flex e-con e-child\" data-id=\"b51586c\" data-element_type=\"container\">\n\t\t\t\t<\/div>\n\t\t<div class=\"elementor-element elementor-element-4a324bd e-con-full e-flex e-con e-child\" data-id=\"4a324bd\" data-element_type=\"container\">\n\t\t\t\t<div class=\"elementor-element elementor-element-22c05dd elementor-widget elementor-widget-text-editor\" data-id=\"22c05dd\" data-element_type=\"widget\" data-widget_type=\"text-editor.default\">\n\t\t\t\t<div class=\"elementor-widget-container\">\n\t\t\t<style>\/*! elementor - v3.22.0 - 16-06-2024 *\/\n.elementor-widget-text-editor.elementor-drop-cap-view-stacked .elementor-drop-cap{background-color:#69727d;color:#fff}.elementor-widget-text-editor.elementor-drop-cap-view-framed .elementor-drop-cap{color:#69727d;border:3px solid;background-color:transparent}.elementor-widget-text-editor:not(.elementor-drop-cap-view-default) .elementor-drop-cap{margin-top:8px}.elementor-widget-text-editor:not(.elementor-drop-cap-view-default) .elementor-drop-cap-letter{width:1em;height:1em}.elementor-widget-text-editor .elementor-drop-cap{float:left;text-align:center;line-height:1;font-size:50px}.elementor-widget-text-editor .elementor-drop-cap-letter{display:inline-block}<\/style>\t\t\t\t<p>Preencha o formul\u00e1rio abaixo com o m\u00e1ximo de informa\u00e7\u00f5es poss\u00edveis, esse material ser\u00e1 disponibilizado na <b>Lista dos Expositores<\/b>, ajudando os visitantes a conhecer melhor a sua empresa.<\/p>\t\t\t\t\t\t<\/div>\n\t\t\t\t<\/div>\n\t\t\t\t<div class=\"elementor-element elementor-element-7968005 eael-contact-form-7-button-align-left eael-contact-form-7-button-custom elementor-widget elementor-widget-eael-contact-form-7\" data-id=\"7968005\" data-element_type=\"widget\" data-widget_type=\"eael-contact-form-7.default\">\n\t\t\t\t<div class=\"elementor-widget-container\">\n\t\t\t<div class=\"eael-contact-form-7-wrapper\">\n                <div class=\"eael-contact-form eael-contact-form-7 eael-contact-form-7968005 placeholder-show eael-contact-form-align-center\">\n<div class=\"wpcf7 no-js\" id=\"wpcf7-f12843-o1\" lang=\"pt-BR\" dir=\"ltr\" data-wpcf7-id=\"12843\">\n<div class=\"screen-reader-response\"><p role=\"status\" aria-live=\"polite\" aria-atomic=\"true\"><\/p> <ul><\/ul><\/div>\n<form action=\"\/fruit-attraction-sao-paulo\/wp-json\/wp\/v2\/pages\/12841#wpcf7-f12843-o1\" method=\"post\" class=\"wpcf7-form init\" aria-label=\"Formul\u00e1rios de contato\" enctype=\"multipart\/form-data\" novalidate=\"novalidate\" data-status=\"init\">\n<fieldset class=\"hidden-fields-container\"><input type=\"hidden\" name=\"_wpcf7\" value=\"12843\" \/><input type=\"hidden\" name=\"_wpcf7_version\" value=\"6.1.5\" \/><input type=\"hidden\" name=\"_wpcf7_locale\" value=\"pt_BR\" \/><input type=\"hidden\" name=\"_wpcf7_unit_tag\" value=\"wpcf7-f12843-o1\" \/><input type=\"hidden\" name=\"_wpcf7_container_post\" value=\"0\" \/><input type=\"hidden\" name=\"_wpcf7_posted_data_hash\" value=\"\" \/><input type=\"hidden\" name=\"_wpcf7_recaptcha_response\" value=\"\" \/>\n<\/fieldset>\n<p><label> Logo da Empresa<br \/>\n<i style=\"font-size: 12px\">(Envie a imagem do logo em alta resolu\u00e7\u00e3o preferencialmente em formato .png ou .jpg). <\/i><br \/>\n<span class=\"wpcf7-form-control-wrap\" data-name=\"logo_empresa\"><input size=\"40\" class=\"wpcf7-form-control wpcf7-file\" accept=\"audio\/*,video\/*,image\/*\" aria-invalid=\"false\" type=\"file\" name=\"logo_empresa\" \/><\/span><\/label>\n<\/p>\n<p><label> Nome da Empresa<br \/>\n<i style=\"font-size: 12px\">(Informe o nome completo da sua empresa, como deseja que apare\u00e7a no site)<\/i><br \/>\n<span class=\"wpcf7-form-control-wrap\" data-name=\"nome_empresa\"><input size=\"40\" maxlength=\"400\" class=\"wpcf7-form-control wpcf7-text wpcf7-validates-as-required\" aria-required=\"true\" aria-invalid=\"false\" value=\"\" type=\"text\" name=\"nome_empresa\" \/><\/span> <\/label>\n<\/p>\n<p><label>Rua\/Estande<br \/>\n<i style=\"font-size: 12px\">(Informe o n\u00famero do seu estande e o nome da rua onde estar\u00e1 localizado)<\/i><br \/>\n<span class=\"wpcf7-form-control-wrap\" data-name=\"rua_estande\"><input size=\"40\" maxlength=\"400\" class=\"wpcf7-form-control wpcf7-text wpcf7-validates-as-required\" aria-required=\"true\" aria-invalid=\"false\" value=\"\" type=\"text\" name=\"rua_estande\" \/><\/span> <\/label>\n<\/p>\n<p><label>Redes Sociais<br \/>\n<i style=\"font-size: 12px\">(Links atualizados para suas redes sociais (Instagram, Facebook, LinkedIn, etc)<\/i><br \/>\n<span class=\"wpcf7-form-control-wrap\" data-name=\"redes_sociais\"><textarea cols=\"40\" rows=\"10\" maxlength=\"2000\" class=\"wpcf7-form-control wpcf7-textarea wpcf7-validates-as-required\" aria-required=\"true\" aria-invalid=\"false\" name=\"redes_sociais\"><\/textarea><\/span> <\/label>\n<\/p>\n<p><label>Descri\u00e7\u00e3o da Empresa<br \/>\n<i style=\"font-size: 12px\">(Uma breve descri\u00e7\u00e3o (m\u00e1ximo de 300 letras) sobre sua empresa e o que ir\u00e1 apresentar na feira)<\/i><br \/>\n<span class=\"wpcf7-form-control-wrap\" data-name=\"descricao_empresa\"><textarea cols=\"40\" rows=\"10\" maxlength=\"300\" class=\"wpcf7-form-control wpcf7-textarea\" aria-invalid=\"false\" name=\"descricao_empresa\"><\/textarea><\/span><\/label>\n<\/p>\n<p><label> Tipo de Produto<br \/>\n<i style=\"font-size: 12px\">(descreva os produtos que ser\u00e3o exibidos durante o evento)<\/i><br \/>\n<span class=\"wpcf7-form-control-wrap\" data-name=\"produto\"><textarea cols=\"40\" rows=\"10\" maxlength=\"200\" class=\"wpcf7-form-control wpcf7-textarea\" aria-invalid=\"false\" name=\"produto\"><\/textarea><\/span><\/label>\n<\/p>\n<p><label>Setor<br \/>\n<i style=\"font-size: 12px\">Defina o setor de atua\u00e7\u00e3o da sua empresa (ex: Frutas, Tecnologia, M\u00e1quinas, etc.)<\/i><br \/>\n<span class=\"wpcf7-form-control-wrap\" data-name=\"select-610\"><select class=\"wpcf7-form-control wpcf7-select\" aria-invalid=\"false\" name=\"select-610\"><option value=\"\">Frutas e Legumes Frescos<\/option><option value=\"Ervas arom\u00e1ticas e especiarias\">Ervas arom\u00e1ticas e especiarias<\/option><option value=\"Fresco e pronto para comer\">Fresco e pronto para comer<\/option><option value=\"Oleaginosas\">Oleaginosas<\/option><option value=\"Mercado Ecorg\u00e2nico\">Mercado Ecorg\u00e2nico<\/option><option value=\"Produtos transformados (congelados, conservados, concentrado)\">Produtos transformados (congelados, conservados, concentrado)<\/option><option value=\"Organiza\u00e7\u00f5es e Associa\u00e7\u00f5es\">Organiza\u00e7\u00f5es e Associa\u00e7\u00f5es<\/option><option value=\"Estufas\">Estufas<\/option><option value=\"Sementes\">Sementes<\/option><option value=\"Fertilizantes, Agronutrientes e Fitossanit\u00e1rios\">Fertilizantes, Agronutrientes e Fitossanit\u00e1rios<\/option><option value=\"Produtos\">Produtos<\/option><option value=\"Pr\u00e9-Colheita\">Pr\u00e9-Colheita<\/option><option value=\"Transporte e Log\u00edstica\">Transporte e Log\u00edstica<\/option><option value=\"Embalagem &amp; Rotulagem\">Embalagem &amp; Rotulagem<\/option><option value=\"P\u00f3s-Colheita\">P\u00f3s-Colheita<\/option><option value=\"Ponto de Venda\">Ponto de Venda<\/option><option value=\"Smart Agro (aplicativos, IOT, big data, IA, ERPs, rastreamento,\">Smart Agro (aplicativos, IOT, big data, IA, ERPs, rastreamento,<\/option><option value=\"Monitoramento, automa\u00e7\u00e3o, previs\u00e3o, digitaliza\u00e7\u00e3o\u2026)\">Monitoramento, automa\u00e7\u00e3o, previs\u00e3o, digitaliza\u00e7\u00e3o\u2026)<\/option><option value=\"Agricultura 4.0\">Agricultura 4.0<\/option><option value=\"Software e dispositivos aplicados ao setor\">Software e dispositivos aplicados ao setor<\/option><option value=\"Tecnologias de Cadeia Fria e Automa\u00e7\u00e3o\">Tecnologias de Cadeia Fria e Automa\u00e7\u00e3o<\/option><option value=\"Biotecnologia aplicada \u00e0 agrobiologia\/planta\">Biotecnologia aplicada \u00e0 agrobiologia\/planta<\/option><option value=\"Biotecnolog\u00eda\">Biotecnolog\u00eda<\/option><option value=\"Armazenamento na origem\">Armazenamento na origem<\/option><option value=\"Log\u00edstica e transporte at\u00e9 o destino\">Log\u00edstica e transporte at\u00e9 o destino<\/option><option value=\"Varejo\">Varejo<\/option><option value=\"Solu\u00e7\u00f5es de armazenamento refrigerado\">Solu\u00e7\u00f5es de armazenamento refrigerado<\/option><option value=\"\u00daltima milha\">\u00daltima milha<\/option><option value=\"Com\u00e9rcio eletr\u00f4nico\">Com\u00e9rcio eletr\u00f4nico<\/option><\/select><\/span><br \/>\n<\/label>\n<\/p>\n<p><label>Link de V\u00eddeo<br \/>\n<i style=\"font-size: 12px\">(Se poss\u00edvel, envie um link para um v\u00eddeo promocional ou institucional da sua empresa ex: YouTube, Vimeo, etc.)<\/i><br \/>\n<span class=\"wpcf7-form-control-wrap\" data-name=\"video\"><input size=\"40\" maxlength=\"400\" class=\"wpcf7-form-control wpcf7-text wpcf7-validates-as-required\" aria-required=\"true\" aria-invalid=\"false\" value=\"\" type=\"text\" name=\"video\" \/><\/span> <\/label>\n<\/p>\n<p><label>Fotos dos Produtos\/Servi\u00e7os:<br \/>\n<i style=\"font-size: 12px\">(Envie at\u00e9 5 fotos de alta qualidade, (2mb) que representem seus produtos, servi\u00e7os ou sua empresa) <\/i><br \/>\n<span class=\"wpcf7-form-control-wrap\" data-name=\"foto01\"><input size=\"40\" class=\"wpcf7-form-control wpcf7-file\" accept=\"audio\/*,video\/*,image\/*\" aria-invalid=\"false\" type=\"file\" name=\"foto01\" \/><\/span> <\/label>\n<\/p>\n<p><label><span class=\"wpcf7-form-control-wrap\" data-name=\"foto02\"><input size=\"40\" class=\"wpcf7-form-control wpcf7-file\" accept=\"audio\/*,video\/*,image\/*\" aria-invalid=\"false\" type=\"file\" name=\"foto02\" \/><\/span><\/label>\n<\/p>\n<p><label><span class=\"wpcf7-form-control-wrap\" data-name=\"foto03\"><input size=\"40\" class=\"wpcf7-form-control wpcf7-file\" accept=\"audio\/*,video\/*,image\/*\" aria-invalid=\"false\" type=\"file\" name=\"foto03\" \/><\/span><\/label>\n<\/p>\n<p><label><span class=\"wpcf7-form-control-wrap\" data-name=\"foto04\"><input size=\"40\" class=\"wpcf7-form-control wpcf7-file\" accept=\"audio\/*,video\/*,image\/*\" aria-invalid=\"false\" type=\"file\" name=\"foto04\" \/><\/span><\/label>\n<\/p>\n<p><label><span class=\"wpcf7-form-control-wrap\" data-name=\"foto05\"><input size=\"40\" class=\"wpcf7-form-control wpcf7-file\" accept=\"audio\/*,video\/*,image\/*\" aria-invalid=\"false\" type=\"file\" name=\"foto05\" \/><\/span><\/label>\n<\/p>\n<p><input class=\"wpcf7-form-control wpcf7-submit has-spinner\" type=\"submit\" value=\"Enviar\" \/>\n<\/p><div class=\"wpcf7-response-output\" aria-hidden=\"true\"><\/div>\n<\/form>\n<\/div>\n<\/div>\n            <\/div>\t\t<\/div>\n\t\t\t\t<\/div>\n\t\t\t\t<\/div>\n\t\t<div class=\"elementor-element elementor-element-ca51ac6 e-con-full e-flex e-con e-child\" data-id=\"ca51ac6\" data-element_type=\"container\">\n\t\t\t\t<\/div>\n\t\t\t\t\t<\/div>\n\t\t\t\t<\/div>\n\t\t<div class=\"elementor-element elementor-element-3a9fd47 e-flex e-con-boxed e-con e-parent\" data-id=\"3a9fd47\" data-element_type=\"container\">\n\t\t\t\t\t<div class=\"e-con-inner\">\n\t\t\t\t\t<\/div>\n\t\t\t\t<\/div>\n\t\t\t\t<\/div>\n\t\t","protected":false},"excerpt":{"rendered":"<p>Preencha o formul\u00e1rio abaixo com o m\u00e1ximo de informa\u00e7\u00f5es poss\u00edveis, esse material ser\u00e1 disponibilizado na Lista dos Expositores, ajudando os visitantes a conhecer melhor a sua empresa. Logo da Empresa (Envie a imagem do logo em alta resolu\u00e7\u00e3o preferencialmente em formato .png ou .jpg). Nome da Empresa (Informe o nome completo da sua empresa, como&#8230;<\/p>\n","protected":false},"author":3,"featured_media":0,"parent":0,"menu_order":0,"comment_status":"closed","ping_status":"closed","template":"","meta":{"_eb_attr":"","inline_featured_image":false,"footnotes":""},"class_list":["post-12841","page","type-page","status-publish","hentry"],"yoast_head":"<!-- This site is optimized with the Yoast SEO plugin v27.1.1 - https:\/\/yoast.com\/product\/yoast-seo-wordpress\/ -->\n<title>Formul\u00e1rio Expositor - Fruit Attraction Sao Paulo | IFEMA MADRID INTERNACIONAL<\/title>\n<meta name=\"robots\" content=\"index, follow, max-snippet:-1, max-image-preview:large, max-video-preview:-1\" \/>\n<link rel=\"canonical\" href=\"https:\/\/www.ifema.es\/fruit-attraction-sao-paulo\/formulario-expositor\/\" \/>\n<meta property=\"og:locale\" content=\"es_ES\" \/>\n<meta property=\"og:type\" content=\"article\" \/>\n<meta property=\"og:title\" content=\"Formul\u00e1rio Expositor - Fruit Attraction Sao Paulo | IFEMA MADRID INTERNACIONAL\" \/>\n<meta property=\"og:description\" content=\"Preencha o formul\u00e1rio abaixo com o m\u00e1ximo de informa\u00e7\u00f5es poss\u00edveis, esse material ser\u00e1 disponibilizado na Lista dos Expositores, ajudando os visitantes a conhecer melhor a sua empresa. Logo da Empresa (Envie a imagem do logo em alta resolu\u00e7\u00e3o preferencialmente em formato .png ou .jpg). Nome da Empresa (Informe o nome completo da sua empresa, como...\" \/>\n<meta property=\"og:url\" content=\"https:\/\/www.ifema.es\/fruit-attraction-sao-paulo\/formulario-expositor\/\" \/>\n<meta property=\"og:site_name\" content=\"Fruit Attraction Sao Paulo | IFEMA MADRID INTERNACIONAL\" \/>\n<meta property=\"article:publisher\" content=\"https:\/\/www.facebook.com\/people\/Fruit-Attraction-So-Paulo\/61553117052718\/\" \/>\n<meta property=\"article:modified_time\" content=\"2025-01-21T15:21:12+00:00\" \/>\n<meta property=\"og:image\" content=\"https:\/\/www.ifema.es\/fruit-attraction-sao-paulo\/wp-content\/uploads\/2024\/01\/img-rrss-fruit-attraction-sao-paulo.jpg\" \/>\n\t<meta property=\"og:image:width\" content=\"1200\" \/>\n\t<meta property=\"og:image:height\" content=\"675\" \/>\n\t<meta property=\"og:image:type\" content=\"image\/jpeg\" \/>\n<meta name=\"twitter:card\" content=\"summary_large_image\" \/>\n<meta name=\"twitter:label1\" content=\"Tiempo de lectura\" \/>\n\t<meta name=\"twitter:data1\" content=\"2 minutos\" \/>\n<script type=\"application\/ld+json\" class=\"yoast-schema-graph\">{\"@context\":\"https:\/\/schema.org\",\"@graph\":[{\"@type\":\"WebPage\",\"@id\":\"https:\/\/www.ifema.es\/fruit-attraction-sao-paulo\/formulario-expositor\/\",\"url\":\"https:\/\/www.ifema.es\/fruit-attraction-sao-paulo\/formulario-expositor\/\",\"name\":\"Formul\u00e1rio Expositor - Fruit Attraction Sao Paulo | IFEMA MADRID INTERNACIONAL\",\"isPartOf\":{\"@id\":\"https:\/\/www.ifema.es\/fruit-attraction-sao-paulo\/#website\"},\"datePublished\":\"2025-01-14T17:39:54+00:00\",\"dateModified\":\"2025-01-21T15:21:12+00:00\",\"inLanguage\":\"es\",\"potentialAction\":[{\"@type\":\"ReadAction\",\"target\":[\"https:\/\/www.ifema.es\/fruit-attraction-sao-paulo\/formulario-expositor\/\"]}]},{\"@type\":\"WebSite\",\"@id\":\"https:\/\/www.ifema.es\/fruit-attraction-sao-paulo\/#website\",\"url\":\"https:\/\/www.ifema.es\/fruit-attraction-sao-paulo\/\",\"name\":\"Fruit Attraction Sao Paulo | IFEMA MADRID INTERNACIONAL\",\"description\":\"Bienvenido a Fruit Attraction Sao Paulo, la Feria Internacional del Sector de Frutas y Hortalizas. Haz click y descubre todas las novedades de la edici\u00f3n de este a\u00f1o.\",\"publisher\":{\"@id\":\"https:\/\/www.ifema.es\/fruit-attraction-sao-paulo\/#organization\"},\"potentialAction\":[{\"@type\":\"SearchAction\",\"target\":{\"@type\":\"EntryPoint\",\"urlTemplate\":\"https:\/\/www.ifema.es\/fruit-attraction-sao-paulo\/?s={search_term_string}\"},\"query-input\":{\"@type\":\"PropertyValueSpecification\",\"valueRequired\":true,\"valueName\":\"search_term_string\"}}],\"inLanguage\":\"es\"},{\"@type\":\"Organization\",\"@id\":\"https:\/\/www.ifema.es\/fruit-attraction-sao-paulo\/#organization\",\"name\":\"Fruit Attraction Sao Paulo | IFEMA MADRID INTERNACIONAL\",\"url\":\"https:\/\/www.ifema.es\/fruit-attraction-sao-paulo\/\",\"logo\":{\"@type\":\"ImageObject\",\"inLanguage\":\"es\",\"@id\":\"https:\/\/www.ifema.es\/fruit-attraction-sao-paulo\/#\/schema\/logo\/image\/\",\"url\":\"https:\/\/www.ifema.es\/fruit-attraction-sao-paulo\/wp-content\/uploads\/2024\/01\/logo-fruit-attraction-sao-paulo.jpg\",\"contentUrl\":\"https:\/\/www.ifema.es\/fruit-attraction-sao-paulo\/wp-content\/uploads\/2024\/01\/logo-fruit-attraction-sao-paulo.jpg\",\"width\":400,\"height\":300,\"caption\":\"Fruit Attraction Sao Paulo | IFEMA MADRID INTERNACIONAL\"},\"image\":{\"@id\":\"https:\/\/www.ifema.es\/fruit-attraction-sao-paulo\/#\/schema\/logo\/image\/\"},\"sameAs\":[\"https:\/\/www.facebook.com\/people\/Fruit-Attraction-So-Paulo\/61553117052718\/\",\"https:\/\/www.instagram.com\/fruitattraction_saopaulo\/\",\"https:\/\/www.linkedin.com\/company\/fruit-attraction-so-paulo\/\"]}]}<\/script>\n<!-- \/ Yoast SEO plugin. -->","yoast_head_json":{"title":"Formul\u00e1rio Expositor - Fruit Attraction Sao Paulo | IFEMA MADRID INTERNACIONAL","robots":{"index":"index","follow":"follow","max-snippet":"max-snippet:-1","max-image-preview":"max-image-preview:large","max-video-preview":"max-video-preview:-1"},"canonical":"https:\/\/www.ifema.es\/fruit-attraction-sao-paulo\/formulario-expositor\/","og_locale":"es_ES","og_type":"article","og_title":"Formul\u00e1rio Expositor - Fruit Attraction Sao Paulo | IFEMA MADRID INTERNACIONAL","og_description":"Preencha o formul\u00e1rio abaixo com o m\u00e1ximo de informa\u00e7\u00f5es poss\u00edveis, esse material ser\u00e1 disponibilizado na Lista dos Expositores, ajudando os visitantes a conhecer melhor a sua empresa. Logo da Empresa (Envie a imagem do logo em alta resolu\u00e7\u00e3o preferencialmente em formato .png ou .jpg). Nome da Empresa (Informe o nome completo da sua empresa, como...","og_url":"https:\/\/www.ifema.es\/fruit-attraction-sao-paulo\/formulario-expositor\/","og_site_name":"Fruit Attraction Sao Paulo | IFEMA MADRID INTERNACIONAL","article_publisher":"https:\/\/www.facebook.com\/people\/Fruit-Attraction-So-Paulo\/61553117052718\/","article_modified_time":"2025-01-21T15:21:12+00:00","og_image":[{"width":1200,"height":675,"url":"https:\/\/www.ifema.es\/fruit-attraction-sao-paulo\/wp-content\/uploads\/2024\/01\/img-rrss-fruit-attraction-sao-paulo.jpg","type":"image\/jpeg"}],"twitter_card":"summary_large_image","twitter_misc":{"Tiempo de lectura":"2 minutos"},"schema":{"@context":"https:\/\/schema.org","@graph":[{"@type":"WebPage","@id":"https:\/\/www.ifema.es\/fruit-attraction-sao-paulo\/formulario-expositor\/","url":"https:\/\/www.ifema.es\/fruit-attraction-sao-paulo\/formulario-expositor\/","name":"Formul\u00e1rio Expositor - Fruit Attraction Sao Paulo | IFEMA MADRID INTERNACIONAL","isPartOf":{"@id":"https:\/\/www.ifema.es\/fruit-attraction-sao-paulo\/#website"},"datePublished":"2025-01-14T17:39:54+00:00","dateModified":"2025-01-21T15:21:12+00:00","inLanguage":"es","potentialAction":[{"@type":"ReadAction","target":["https:\/\/www.ifema.es\/fruit-attraction-sao-paulo\/formulario-expositor\/"]}]},{"@type":"WebSite","@id":"https:\/\/www.ifema.es\/fruit-attraction-sao-paulo\/#website","url":"https:\/\/www.ifema.es\/fruit-attraction-sao-paulo\/","name":"Fruit Attraction Sao Paulo | IFEMA MADRID INTERNACIONAL","description":"Bienvenido a Fruit Attraction Sao Paulo, la Feria Internacional del Sector de Frutas y Hortalizas. Haz click y descubre todas las novedades de la edici\u00f3n de este a\u00f1o.","publisher":{"@id":"https:\/\/www.ifema.es\/fruit-attraction-sao-paulo\/#organization"},"potentialAction":[{"@type":"SearchAction","target":{"@type":"EntryPoint","urlTemplate":"https:\/\/www.ifema.es\/fruit-attraction-sao-paulo\/?s={search_term_string}"},"query-input":{"@type":"PropertyValueSpecification","valueRequired":true,"valueName":"search_term_string"}}],"inLanguage":"es"},{"@type":"Organization","@id":"https:\/\/www.ifema.es\/fruit-attraction-sao-paulo\/#organization","name":"Fruit Attraction Sao Paulo | IFEMA MADRID INTERNACIONAL","url":"https:\/\/www.ifema.es\/fruit-attraction-sao-paulo\/","logo":{"@type":"ImageObject","inLanguage":"es","@id":"https:\/\/www.ifema.es\/fruit-attraction-sao-paulo\/#\/schema\/logo\/image\/","url":"https:\/\/www.ifema.es\/fruit-attraction-sao-paulo\/wp-content\/uploads\/2024\/01\/logo-fruit-attraction-sao-paulo.jpg","contentUrl":"https:\/\/www.ifema.es\/fruit-attraction-sao-paulo\/wp-content\/uploads\/2024\/01\/logo-fruit-attraction-sao-paulo.jpg","width":400,"height":300,"caption":"Fruit Attraction Sao Paulo | IFEMA MADRID INTERNACIONAL"},"image":{"@id":"https:\/\/www.ifema.es\/fruit-attraction-sao-paulo\/#\/schema\/logo\/image\/"},"sameAs":["https:\/\/www.facebook.com\/people\/Fruit-Attraction-So-Paulo\/61553117052718\/","https:\/\/www.instagram.com\/fruitattraction_saopaulo\/","https:\/\/www.linkedin.com\/company\/fruit-attraction-so-paulo\/"]}]}},"_links":{"self":[{"href":"https:\/\/www.ifema.es\/fruit-attraction-sao-paulo\/wp-json\/wp\/v2\/pages\/12841","targetHints":{"allow":["GET"]}}],"collection":[{"href":"https:\/\/www.ifema.es\/fruit-attraction-sao-paulo\/wp-json\/wp\/v2\/pages"}],"about":[{"href":"https:\/\/www.ifema.es\/fruit-attraction-sao-paulo\/wp-json\/wp\/v2\/types\/page"}],"author":[{"embeddable":true,"href":"https:\/\/www.ifema.es\/fruit-attraction-sao-paulo\/wp-json\/wp\/v2\/users\/3"}],"replies":[{"embeddable":true,"href":"https:\/\/www.ifema.es\/fruit-attraction-sao-paulo\/wp-json\/wp\/v2\/comments?post=12841"}],"version-history":[{"count":22,"href":"https:\/\/www.ifema.es\/fruit-attraction-sao-paulo\/wp-json\/wp\/v2\/pages\/12841\/revisions"}],"predecessor-version":[{"id":13000,"href":"https:\/\/www.ifema.es\/fruit-attraction-sao-paulo\/wp-json\/wp\/v2\/pages\/12841\/revisions\/13000"}],"wp:attachment":[{"href":"https:\/\/www.ifema.es\/fruit-attraction-sao-paulo\/wp-json\/wp\/v2\/media?parent=12841"}],"curies":[{"name":"wp","href":"https:\/\/api.w.org\/{rel}","templated":true}]}}