{"id":411,"date":"2021-03-03T15:40:26","date_gmt":"2021-03-03T15:40:26","guid":{"rendered":"https:\/\/www.ifema.es\/estampa\/catalogo\/?page_id=411"},"modified":"2021-03-05T10:13:59","modified_gmt":"2021-03-05T10:13:59","slug":"aviso-legal","status":"publish","type":"page","link":"https:\/\/www.ifema.es\/estampa\/catalogo\/aviso-legal\/","title":{"rendered":"Aviso legal"},"content":{"rendered":"\t\t<div data-elementor-type=\"wp-page\" data-elementor-id=\"411\" class=\"elementor elementor-411\" data-elementor-post-type=\"page\">\n\t\t\t\t\t\t<section class=\"elementor-section elementor-top-section elementor-element elementor-element-f3bfb44 elementor-section-boxed elementor-section-height-default elementor-section-height-default\" data-id=\"f3bfb44\" data-element_type=\"section\">\n\t\t\t\t\t\t<div class=\"elementor-container elementor-column-gap-default\">\n\t\t\t\t\t<div class=\"elementor-column elementor-col-50 elementor-top-column elementor-element elementor-element-0cb7f0d\" data-id=\"0cb7f0d\" data-element_type=\"column\">\n\t\t\t<div class=\"elementor-widget-wrap elementor-element-populated\">\n\t\t\t\t\t\t<div class=\"elementor-element elementor-element-1888211 elementor-widget elementor-widget-heading\" data-id=\"1888211\" data-element_type=\"widget\" data-widget_type=\"heading.default\">\n\t\t\t\t<div class=\"elementor-widget-container\">\n\t\t\t<h2 class=\"elementor-heading-title elementor-size-default\">Aviso legal<\/h2>\t\t<\/div>\n\t\t\t\t<\/div>\n\t\t\t\t\t<\/div>\n\t\t<\/div>\n\t\t\t\t<div class=\"elementor-column elementor-col-50 elementor-top-column elementor-element elementor-element-5ba0c14\" data-id=\"5ba0c14\" data-element_type=\"column\">\n\t\t\t<div class=\"elementor-widget-wrap elementor-element-populated\">\n\t\t\t\t\t\t<div class=\"elementor-element elementor-element-a6cbb8a elementor-widget elementor-widget-text-editor\" data-id=\"a6cbb8a\" data-element_type=\"widget\" data-widget_type=\"text-editor.default\">\n\t\t\t\t<div class=\"elementor-widget-container\">\n\t\t\t\t\t\t\t<p>Este Sitio Web es una creaci\u00f3n de IFEMA destinada a ofrecer informaci\u00f3n a los usuarios del mismo sobre sus contenidos y servicios, as\u00ed como ofrecer un canal de comunicaci\u00f3n entre expositores, visitantes, participantes en eventos, organizadores etc.<\/p><p>El acceso a todas sus p\u00e1ginas es gratuito y an\u00f3nimo salvo en aquellas zonas en que, por seguridad, se solicita el registro del Usuario para su acceso a esa zona. IFEMA se reserva el derecho a modificar la presentaci\u00f3n, configuraci\u00f3n y los servicios ofrecidos en el mismo.<\/p><p><strong>I. OBLIGACIONES DEL USUARIO: <\/strong><\/p><p>El acceso y la utilizaci\u00f3n de los servicios contenidos en este Sitio Web conlleva la plena aceptaci\u00f3n de las condiciones generales de utilizaci\u00f3n expresadas en el presente documento.<\/p><p>El usuario se compromete a utilizar los contenidos (entendiendo por \u00abcontenidos\u00bb los textos, gr\u00e1ficos, planos, dibujos, dise\u00f1os, gu\u00edas, c\u00f3digos, software, fotograf\u00edas, m\u00fasica, v\u00eddeos, sonidos, bases de datos, im\u00e1genes, informaciones, enlaces o cualesquiera otra creaci\u00f3n protegida por las leyes nacionales y los tratados internacionales sobre propiedad intelectual e industrial), as\u00ed como los servicios ofrecidos, de forma correcta y l\u00edcita, de acuerdo con la ley, la moral y las buenas costumbres generalmente aceptadas. En este sentido, el Usuario se compromete a no reproducir, distribuir, transformar, modificar o manipular los contenidos, as\u00ed como los dispositivos t\u00e9cnicos de protecci\u00f3n o de configuraci\u00f3n del sitio web; en consecuencia, el Usuario, en ning\u00fan caso, utilizar\u00e1 medios distintos de los que el sitio web haya puesto a su disposici\u00f3n con el fin de obtener cualquier clase de material, informaci\u00f3n o archivos incluidos en la misma.<\/p><p>De acuerdo con lo anterior y con car\u00e1cter general, IFEMA no autoriza la reproducci\u00f3n, transformaci\u00f3n, modificaci\u00f3n o manipulaci\u00f3n de sus marcas y signos distintivos por los usuarios ni la utilizaci\u00f3n de los mismos para promoci\u00f3n de su propia actividad ni, en modo alguno, creando situaciones de confusi\u00f3n en el mercado.<\/p><p>Asimismo, el usuario se abstendr\u00e1 de realizar actividades que puedan da\u00f1ar, inutilizar, sobrecargar o deteriorar las p\u00e1ginas, o impedir la normal utilizaci\u00f3n o disfrute del Sitio Web y de los servicios por parte de los dem\u00e1s usuarios. ENLACES: El Usuario no podr\u00e1 establecer enlaces desde otro sitio web sin la previa autorizaci\u00f3n expresa y escrita de IFEMA.<\/p><p><strong>II. INFORMACI\u00d3N AL USUARIO:<\/strong><\/p><ol><li><strong>\u00a0DATOS DE CAR\u00c1CTER PERSONAL:<br \/><\/strong><br \/>Este Sitio Web ofrece la posibilidad de inscribirse como Expositor, pre-registrarse en ferias y eventos como Visitante, contratar servicios, asistir a eventos, solicitar informaci\u00f3n, participar en actividades etc. De acuerdo con lo anterior, el interesado deber\u00e1 cumplimentar los cuestionarios facilitados indicando los datos necesarios para la gesti\u00f3n del mismo. La inscripci\u00f3n por esta v\u00eda puede requerir la comunicaci\u00f3n por parte del Usuario de datos personales, para la efectividad de la misma.<p>Puede conocer m\u00e1s detalles sobre nuestra pol\u00edtica de protecci\u00f3n de datos personales en el apartado \u00abPol\u00edtica de privacidad\u201d de esta p\u00e1gina web.<\/p><\/li><li><strong>\u00a0CONTENIDOS DE TERCEROS:<br \/><\/strong> <br \/>IFEMA considera de m\u00e1ximo inter\u00e9s fomentar la comunicaci\u00f3n entre sus expositores, medios de comunicaci\u00f3n y los Usuarios de sus sitios web, en este sentido, a trav\u00e9s de Internet, pone a su disposici\u00f3n la posibilidad de exponer, en las p\u00e1ginas que eventualmente se destinan para ello, informaci\u00f3n relativa a sus actividades, nuevos productos, noticias, ideas, as\u00ed por ejemplo, expositores, blogueros, empresas colaboradoras en su funci\u00f3n de oficinas comerciales en el extranjero etc. incluyendo noticias de inter\u00e9s, de sus actividades y productos, pa\u00edses etc. En estos casos IFEMA act\u00faa, \u00fanicamente como intermediaria en la transmisi\u00f3n y difusi\u00f3n de los contenidos.<p>IFEMA hace constar que esos contenidos son propiedad y responsabilidad de las personas o entidades que los publican, haci\u00e9ndose responsables de su veracidad, licitud, continuidad y su actualizaci\u00f3n, por lo que IFEMA declina cualquier responsabilidad respecto a las informaciones facilitadas por \u00e9stos.<\/p><\/li><li><strong>CAT\u00c1LOGOS PUBLICADOS EN INTERNET:<br \/><\/strong> <br \/>IFEMA ha dispuesto un espacio en su Sitio Web en el que el Usuario puede consultar Cat\u00e1logos de algunos cert\u00e1menes que han tenido lugar recientemente o van a tener lugar pr\u00f3ximamente. Estos Cat\u00e1logos se refieren exclusivamente al certamen del que traen causa e incluyen los datos facilitados por los expositores con el fin de darse a conocer al Usuario a trav\u00e9s de los mismos. IFEMA declina cualquier responsabilidad en relaci\u00f3n con la informaci\u00f3n facilitada por los expositores siendo estos los \u00fanicos responsables de su veracidad y licitud. Asimismo, IFEMA declina cualquier responsabilidad por el mal uso que terceros puedan hacer de estos datos que se publican con la anuencia del expositor y con el fin de darse a conocer a los visitantes profesionales de la feria y ser localizados por sus propios clientes y visitantes con ocasi\u00f3n de la celebraci\u00f3n de la misma. IFEMA no puede controlar que terceras empresas accedan al citado Cat\u00e1logo y utilicen los datos para finalidades distintas a las expresadas incumpliendo la legislaci\u00f3n vigente sobre env\u00edo de correos electr\u00f3nicos publicitarios o promocionales que no se han solicitado ni previamente autorizado. <br \/><br \/><\/li><\/ol><p><strong>III. EXCLUSI\u00d3N DE RESPONSABILIDAD DE IFEMA:<br \/><\/strong> <br \/>IFEMA no controla, en todo momento, la utilizaci\u00f3n que los Usuarios hacen del Sitio Web, en este sentido, no se responsabiliza de los actos que, incumpliendo lo previsto en este documento, hayan podido realizar los Usuarios de la misma.<\/p><p>IFEMA no garantiza la ausencia de virus en su Sitio Web o en el Servidor que lo suministra o, asimismo, cualesquiera otros elementos que puedan producir alteraciones en el sistema inform\u00e1tico del Usuario por actos de terceros, ni el establecimiento por terceros de hiperenlaces no autorizados.<\/p><p>IFEMA no puede garantizar la exactitud de sus contenidos ni la continuidad de los mismos reserv\u00e1ndose el derecho a realizar nuevas ediciones de las normativas, actualizaciones de la informaci\u00f3n ofrecida y cualesquiera modificaciones en sus calendarios, eventos y servicios, as\u00ed como interrumpir o suspender el acceso a determinada informaci\u00f3n cuando as\u00ed se considere.<\/p><p><strong>IV. SERVICIOS OFRECIDOS POR TERCEROS:<\/strong><br \/>El usuario puede acceder, a trav\u00e9s de enlaces, a p\u00e1ginas de informaci\u00f3n o de servicios ofrecidos por terceros. Las operaciones que el usuario pueda realizar o la informaci\u00f3n que pueda encontrar, son responsabilidad y obligan, en su caso, al usuario y al titular de la p\u00e1gina de destino, declinando IFEMA cualquier responsabilidad al respecto.<\/p><p><strong> V. R\u00c9GIMEN JUR\u00cdDICO:<\/strong> <br \/>Estas condiciones generales se rigen por la Ley espa\u00f1ola. IFEMA y el Usuario, con renuncia a cualquier otro fuero, se someten a los Juzgados y Tribunales de Madrid.<\/p><p><strong> VI. INFORMACI\u00d3N GENERAL<\/strong><br \/><br \/>IFEMA &#8211; Feria de Madrid. Avda. del Parten\u00f3n, 5 28042 Madrid<br \/>CIF Q\/2873018B <br \/>Direcci\u00f3n de Correo Electr\u00f3nico: <strong><a href=\"mailto:lineaifema@ifema.es\">lineaifema@ifema.es<\/a><\/strong> <br \/>Dominio Principal de IFEMA: <strong>\u00abifema.es\u00bb<\/strong> registrado en ESNIC el 3-10-1999. <br \/>Contacto del Delegado de Protecci\u00f3n de Datos de IFEMA (DPD): <strong><a href=\"mailto:protecciondedatos@ifema.es\">protecciondedatos@ifema.es <\/a><\/strong><\/p><p>Las ferias organizadas por IFEMA &#8211; Feria de Madrid est\u00e1n autorizadas por la Comunidad de Madrid e inscritas en el Registro de Actividades Feriales de la Comunidad de Madrid.<\/p>\t\t\t\t\t\t<\/div>\n\t\t\t\t<\/div>\n\t\t\t\t\t<\/div>\n\t\t<\/div>\n\t\t\t\t\t<\/div>\n\t\t<\/section>\n\t\t\t\t<\/div>\n\t\t","protected":false},"excerpt":{"rendered":"<p>Este Sitio Web es una creaci\u00f3n de IFEMA destinada a ofrecer informaci\u00f3n a los usuarios del mismo sobre sus contenidos y servicios, as\u00ed como ofrecer un canal de comunicaci\u00f3n entre expositores, visitantes, participantes en eventos, organizadores etc. El acceso a todas sus p\u00e1ginas es gratuito y an\u00f3nimo salvo en aquellas zonas en que, por seguridad, [&hellip;]<\/p>\n","protected":false},"author":1,"featured_media":0,"parent":0,"menu_order":0,"comment_status":"closed","ping_status":"closed","template":"","meta":{"footnotes":""},"wf_page_folders":[],"class_list":["post-411","page","type-page","status-publish","hentry"],"yoast_head":"<!-- This site is optimized with the Yoast SEO plugin v22.5 - https:\/\/yoast.com\/wordpress\/plugins\/seo\/ -->\n<title>Aviso legal - Estampa digital<\/title>\n<meta name=\"robots\" content=\"noindex, follow, max-snippet:-1, max-image-preview:large, max-video-preview:-1\" \/>\n<meta property=\"og:locale\" content=\"es_ES\" \/>\n<meta property=\"og:type\" content=\"article\" \/>\n<meta property=\"og:title\" content=\"Aviso legal - Estampa digital\" \/>\n<meta property=\"og:description\" content=\"Este Sitio Web es una creaci\u00f3n de IFEMA destinada a ofrecer informaci\u00f3n a los usuarios del mismo sobre sus contenidos y servicios, as\u00ed como ofrecer un canal de comunicaci\u00f3n entre expositores, visitantes, participantes en eventos, organizadores etc. El acceso a todas sus p\u00e1ginas es gratuito y an\u00f3nimo salvo en aquellas zonas en que, por seguridad, [&hellip;]\" \/>\n<meta property=\"og:url\" content=\"https:\/\/www.ifema.es\/estampa\/catalogo\/aviso-legal\/\" \/>\n<meta property=\"og:site_name\" content=\"Estampa digital\" \/>\n<meta property=\"article:modified_time\" content=\"2021-03-05T10:13:59+00:00\" \/>\n<meta name=\"twitter:card\" content=\"summary_large_image\" \/>\n<meta name=\"twitter:label1\" content=\"Tiempo de lectura\" \/>\n\t<meta name=\"twitter:data1\" content=\"6 minutos\" \/>\n<script type=\"application\/ld+json\" class=\"yoast-schema-graph\">{\"@context\":\"https:\/\/schema.org\",\"@graph\":[{\"@type\":\"WebPage\",\"@id\":\"https:\/\/www.ifema.es\/estampa\/catalogo\/aviso-legal\/\",\"url\":\"https:\/\/www.ifema.es\/estampa\/catalogo\/aviso-legal\/\",\"name\":\"Aviso legal - Estampa digital\",\"isPartOf\":{\"@id\":\"https:\/\/www.ifema.es\/estampa\/catalogo\/#website\"},\"datePublished\":\"2021-03-03T15:40:26+00:00\",\"dateModified\":\"2021-03-05T10:13:59+00:00\",\"breadcrumb\":{\"@id\":\"https:\/\/www.ifema.es\/estampa\/catalogo\/aviso-legal\/#breadcrumb\"},\"inLanguage\":\"es\",\"potentialAction\":[{\"@type\":\"ReadAction\",\"target\":[\"https:\/\/www.ifema.es\/estampa\/catalogo\/aviso-legal\/\"]}]},{\"@type\":\"BreadcrumbList\",\"@id\":\"https:\/\/www.ifema.es\/estampa\/catalogo\/aviso-legal\/#breadcrumb\",\"itemListElement\":[{\"@type\":\"ListItem\",\"position\":1,\"name\":\"Portada\",\"item\":\"https:\/\/www.ifema.es\/estampa\/catalogo\/\"},{\"@type\":\"ListItem\",\"position\":2,\"name\":\"Aviso legal\"}]},{\"@type\":\"WebSite\",\"@id\":\"https:\/\/www.ifema.es\/estampa\/catalogo\/#website\",\"url\":\"https:\/\/www.ifema.es\/estampa\/catalogo\/\",\"name\":\"Estampa digital\",\"description\":\"\",\"potentialAction\":[{\"@type\":\"SearchAction\",\"target\":{\"@type\":\"EntryPoint\",\"urlTemplate\":\"https:\/\/www.ifema.es\/estampa\/catalogo\/?s={search_term_string}\"},\"query-input\":\"required name=search_term_string\"}],\"inLanguage\":\"es\"}]}<\/script>\n<!-- \/ Yoast SEO plugin. -->","yoast_head_json":{"title":"Aviso legal - Estampa digital","robots":{"index":"noindex","follow":"follow","max-snippet":"max-snippet:-1","max-image-preview":"max-image-preview:large","max-video-preview":"max-video-preview:-1"},"og_locale":"es_ES","og_type":"article","og_title":"Aviso legal - Estampa digital","og_description":"Este Sitio Web es una creaci\u00f3n de IFEMA destinada a ofrecer informaci\u00f3n a los usuarios del mismo sobre sus contenidos y servicios, as\u00ed como ofrecer un canal de comunicaci\u00f3n entre expositores, visitantes, participantes en eventos, organizadores etc. El acceso a todas sus p\u00e1ginas es gratuito y an\u00f3nimo salvo en aquellas zonas en que, por seguridad, [&hellip;]","og_url":"https:\/\/www.ifema.es\/estampa\/catalogo\/aviso-legal\/","og_site_name":"Estampa digital","article_modified_time":"2021-03-05T10:13:59+00:00","twitter_card":"summary_large_image","twitter_misc":{"Tiempo de lectura":"6 minutos"},"schema":{"@context":"https:\/\/schema.org","@graph":[{"@type":"WebPage","@id":"https:\/\/www.ifema.es\/estampa\/catalogo\/aviso-legal\/","url":"https:\/\/www.ifema.es\/estampa\/catalogo\/aviso-legal\/","name":"Aviso legal - Estampa digital","isPartOf":{"@id":"https:\/\/www.ifema.es\/estampa\/catalogo\/#website"},"datePublished":"2021-03-03T15:40:26+00:00","dateModified":"2021-03-05T10:13:59+00:00","breadcrumb":{"@id":"https:\/\/www.ifema.es\/estampa\/catalogo\/aviso-legal\/#breadcrumb"},"inLanguage":"es","potentialAction":[{"@type":"ReadAction","target":["https:\/\/www.ifema.es\/estampa\/catalogo\/aviso-legal\/"]}]},{"@type":"BreadcrumbList","@id":"https:\/\/www.ifema.es\/estampa\/catalogo\/aviso-legal\/#breadcrumb","itemListElement":[{"@type":"ListItem","position":1,"name":"Portada","item":"https:\/\/www.ifema.es\/estampa\/catalogo\/"},{"@type":"ListItem","position":2,"name":"Aviso legal"}]},{"@type":"WebSite","@id":"https:\/\/www.ifema.es\/estampa\/catalogo\/#website","url":"https:\/\/www.ifema.es\/estampa\/catalogo\/","name":"Estampa digital","description":"","potentialAction":[{"@type":"SearchAction","target":{"@type":"EntryPoint","urlTemplate":"https:\/\/www.ifema.es\/estampa\/catalogo\/?s={search_term_string}"},"query-input":"required name=search_term_string"}],"inLanguage":"es"}]}},"_links":{"self":[{"href":"https:\/\/www.ifema.es\/estampa\/catalogo\/wp-json\/wp\/v2\/pages\/411","targetHints":{"allow":["GET"]}}],"collection":[{"href":"https:\/\/www.ifema.es\/estampa\/catalogo\/wp-json\/wp\/v2\/pages"}],"about":[{"href":"https:\/\/www.ifema.es\/estampa\/catalogo\/wp-json\/wp\/v2\/types\/page"}],"author":[{"embeddable":true,"href":"https:\/\/www.ifema.es\/estampa\/catalogo\/wp-json\/wp\/v2\/users\/1"}],"replies":[{"embeddable":true,"href":"https:\/\/www.ifema.es\/estampa\/catalogo\/wp-json\/wp\/v2\/comments?post=411"}],"version-history":[{"count":22,"href":"https:\/\/www.ifema.es\/estampa\/catalogo\/wp-json\/wp\/v2\/pages\/411\/revisions"}],"predecessor-version":[{"id":475,"href":"https:\/\/www.ifema.es\/estampa\/catalogo\/wp-json\/wp\/v2\/pages\/411\/revisions\/475"}],"wp:attachment":[{"href":"https:\/\/www.ifema.es\/estampa\/catalogo\/wp-json\/wp\/v2\/media?parent=411"}],"wp:term":[{"taxonomy":"wf_page_folders","embeddable":true,"href":"https:\/\/www.ifema.es\/estampa\/catalogo\/wp-json\/wp\/v2\/wf_page_folders?post=411"}],"curies":[{"name":"wp","href":"https:\/\/api.w.org\/{rel}","templated":true}]}}